Last updated on 2024-06-08 09:49:05 CEST.
Flavor | Version | Tinstall | Tcheck | Ttotal | Status | Flags |
---|---|---|---|---|---|---|
r-devel-linux-x86_64-debian-clang | 1.1.0 | 7.35 | 58.18 | 65.53 | NOTE | |
r-devel-linux-x86_64-debian-gcc | 1.1.0 | 5.59 | 44.20 | 49.79 | NOTE | |
r-devel-linux-x86_64-fedora-clang | 1.1.0 | 81.75 | NOTE | |||
r-devel-linux-x86_64-fedora-gcc | 1.1.0 | 78.04 | NOTE | |||
r-devel-windows-x86_64 | 1.1.0 | 8.00 | 79.00 | 87.00 | NOTE | |
r-patched-linux-x86_64 | 1.1.0 | 4.65 | 56.43 | 61.08 | NOTE | |
r-release-linux-x86_64 | 1.1.0 | 4.87 | 60.49 | 65.36 | NOTE | |
r-release-macos-arm64 | 1.1.0 | 28.00 | NOTE | |||
r-release-macos-x86_64 | 1.1.0 | 41.00 | NOTE | |||
r-release-windows-x86_64 | 1.1.0 | 8.00 | 82.00 | 90.00 | NOTE | |
r-oldrel-macos-arm64 | 1.1.0 | 27.00 | OK | |||
r-oldrel-macos-x86_64 | 1.1.0 | 42.00 | OK | |||
r-oldrel-windows-x86_64 | 1.1.0 | 10.00 | 76.00 | 86.00 | OK |
Version: 1.1.0
Check: Rd files
Result: NOTE
checkRd: (-1) count_cases.Rd:49: Lost braces in \itemize; \value handles \item{}{} directly
checkRd: (-1) count_cases.Rd:50: Lost braces in \itemize; \value handles \item{}{} directly
checkRd: (-1) count_cases.Rd:51: Lost braces in \itemize; \value handles \item{}{} directly
checkRd: (-1) count_cases.Rd:52: Lost braces in \itemize; \value handles \item{}{} directly
checkRd: (-1) count_cases.Rd:53: Lost braces in \itemize; \value handles \item{}{} directly
checkRd: (-1) enrich.Rd:75: Lost braces in \itemize; \value handles \item{}{} directly
checkRd: (-1) enrich.Rd:76: Lost braces in \itemize; \value handles \item{}{} directly
checkRd: (-1) enrich.Rd:77: Lost braces in \itemize; \value handles \item{}{} directly
checkRd: (-1) enrich.Rd:78: Lost braces in \itemize; \value handles \item{}{} directly
checkRd: (-1) enrich.Rd:83: Lost braces in \itemize; \value handles \item{}{} directly
checkRd: (-1) enrich.Rd:84: Lost braces in \itemize; \value handles \item{}{} directly
checkRd: (-1) enrich.Rd:85: Lost braces in \itemize; \value handles \item{}{} directly
checkRd: (-1) enrich.Rd:86: Lost braces in \itemize; \value handles \item{}{} directly
checkRd: (-1) enrich.Rd:87: Lost braces in \itemize; \value handles \item{}{} directly
checkRd: (-1) enrich.Rd:88: Lost braces in \itemize; \value handles \item{}{} directly
Flavors: r-devel-linux-x86_64-debian-clang, r-devel-linux-x86_64-debian-gcc, r-devel-linux-x86_64-fedora-clang, r-devel-linux-x86_64-fedora-gcc, r-devel-windows-x86_64, r-patched-linux-x86_64, r-release-linux-x86_64, r-release-macos-arm64, r-release-macos-x86_64, r-release-windows-x86_64