Last updated on 2024-06-07 21:51:26 CEST.
Flavor | Version | Tinstall | Tcheck | Ttotal | Status | Flags |
---|---|---|---|---|---|---|
r-devel-linux-x86_64-debian-clang | 0.1.4 | 11.31 | 61.90 | 73.21 | OK | |
r-devel-linux-x86_64-debian-gcc | 0.1.4 | 7.67 | 46.94 | 54.61 | OK | |
r-devel-linux-x86_64-fedora-clang | 0.1.4 | 91.46 | OK | |||
r-devel-linux-x86_64-fedora-gcc | 0.1.4 | 99.92 | OK | |||
r-devel-windows-x86_64 | 0.1.4 | 10.00 | 68.00 | 78.00 | OK | |
r-patched-linux-x86_64 | 0.1.4 | 10.40 | 59.95 | 70.35 | OK | |
r-release-linux-x86_64 | 0.1.4 | 8.76 | 63.63 | 72.39 | OK | |
r-release-macos-arm64 | 0.1.4 | 35.00 | OK | |||
r-release-macos-x86_64 | 0.1.4 | 50.00 | OK | |||
r-release-windows-x86_64 | 0.1.4 | 9.00 | 79.00 | 88.00 | OK | |
r-oldrel-macos-arm64 | 0.1.4 | 37.00 | OK | |||
r-oldrel-macos-x86_64 | 0.1.4 | 49.00 | NOTE | |||
r-oldrel-windows-x86_64 | 0.1.4 | 11.00 | 76.00 | 87.00 | OK |
Version: 0.1.4
Check: package dependencies
Result: NOTE
Package suggested but not available for checking: ‘AICcmodavg’
Flavor: r-oldrel-macos-x86_64