Last updated on 2024-06-07 21:51:26 CEST.
Flavor | Version | Tinstall | Tcheck | Ttotal | Status | Flags |
---|---|---|---|---|---|---|
r-devel-linux-x86_64-debian-clang | 0.1.2 | 94.87 | 80.16 | 175.03 | NOTE | |
r-devel-linux-x86_64-debian-gcc | 0.1.2 | 75.59 | 61.82 | 137.41 | NOTE | |
r-devel-linux-x86_64-fedora-clang | 0.1.2 | 217.48 | NOTE | |||
r-devel-linux-x86_64-fedora-gcc | 0.1.2 | 257.99 | NOTE | |||
r-devel-windows-x86_64 | 0.1.2 | 70.00 | 98.00 | 168.00 | NOTE | |
r-patched-linux-x86_64 | 0.1.2 | 103.77 | 80.58 | 184.35 | NOTE | |
r-release-linux-x86_64 | 0.1.2 | 90.07 | 81.22 | 171.29 | NOTE | |
r-release-macos-arm64 | 0.1.2 | 54.00 | NOTE | |||
r-release-macos-x86_64 | 0.1.2 | 79.00 | NOTE | |||
r-release-windows-x86_64 | 0.1.2 | 67.00 | 97.00 | 164.00 | NOTE | |
r-oldrel-macos-arm64 | 0.1.2 | 57.00 | NOTE | |||
r-oldrel-macos-x86_64 | 0.1.2 | 83.00 | NOTE | |||
r-oldrel-windows-x86_64 | 0.1.2 | 85.00 | 129.00 | 214.00 | NOTE |
Version: 0.1.2
Check: C++ specification
Result: NOTE
Specified C++11: please drop specification unless essential
Flavors: r-devel-linux-x86_64-debian-clang, r-devel-linux-x86_64-debian-gcc, r-devel-linux-x86_64-fedora-clang, r-devel-linux-x86_64-fedora-gcc, r-devel-windows-x86_64, r-patched-linux-x86_64, r-release-linux-x86_64, r-release-macos-arm64, r-release-macos-x86_64, r-release-windows-x86_64, r-oldrel-macos-arm64, r-oldrel-macos-x86_64, r-oldrel-windows-x86_64
Version: 0.1.2
Check: installed package size
Result: NOTE
installed size is 30.0Mb
sub-directories of 1Mb or more:
libs 29.7Mb
Flavors: r-release-macos-arm64, r-release-macos-x86_64, r-oldrel-macos-arm64, r-oldrel-macos-x86_64