Last updated on 2024-06-07 21:51:26 CEST.
Flavor | Version | Tinstall | Tcheck | Ttotal | Status | Flags |
---|---|---|---|---|---|---|
r-devel-linux-x86_64-debian-clang | 1.1.0 | 123.41 | 118.34 | 241.75 | OK | |
r-devel-linux-x86_64-debian-gcc | 1.1.0 | 97.96 | 231.37 | 329.33 | OK | |
r-devel-linux-x86_64-fedora-clang | 1.1.0 | 350.78 | NOTE | |||
r-devel-linux-x86_64-fedora-gcc | 1.1.0 | 418.80 | NOTE | |||
r-devel-windows-x86_64 | 1.1.0 | 105.00 | 191.00 | 296.00 | OK | |
r-patched-linux-x86_64 | 1.1.0 | 122.90 | 257.05 | 379.95 | OK | |
r-release-linux-x86_64 | 1.1.0 | 118.84 | 198.19 | 317.03 | OK | |
r-release-macos-arm64 | 1.1.0 | 83.00 | NOTE | |||
r-release-macos-x86_64 | 1.1.0 | 104.00 | NOTE | |||
r-release-windows-x86_64 | 1.1.0 | 102.00 | 251.00 | 353.00 | OK | |
r-oldrel-macos-arm64 | 1.1.0 | 92.00 | NOTE | |||
r-oldrel-macos-x86_64 | 1.1.0 | 141.00 | NOTE | |||
r-oldrel-windows-x86_64 | 1.1.0 | 124.00 | 222.00 | 346.00 | OK |
Version: 1.1.0
Check: dependencies in R code
Result: NOTE
Namespace in Imports field not imported from: ‘R.rsp’
All declared Imports should be used.
Flavors: r-devel-linux-x86_64-fedora-clang, r-devel-linux-x86_64-fedora-gcc
Version: 1.1.0
Check: installed package size
Result: NOTE
installed size is 10.2Mb
sub-directories of 1Mb or more:
libs 9.5Mb
Flavors: r-release-macos-arm64, r-release-macos-x86_64, r-oldrel-macos-arm64, r-oldrel-macos-x86_64