Last updated on 2024-06-29 11:49:07 CEST.
Flavor | Version | Tinstall | Tcheck | Ttotal | Status | Flags |
---|---|---|---|---|---|---|
r-devel-linux-x86_64-debian-clang | 3.7.0 | 6.90 | 55.55 | 62.45 | OK | |
r-devel-linux-x86_64-debian-gcc | 3.7.0 | 6.03 | 40.49 | 46.52 | OK | |
r-devel-linux-x86_64-fedora-clang | 3.7.0 | 78.73 | NOTE | |||
r-devel-linux-x86_64-fedora-gcc | 3.7.0 | 86.54 | NOTE | |||
r-devel-windows-x86_64 | 3.7.0 | 8.00 | 66.00 | 74.00 | OK | |
r-patched-linux-x86_64 | 3.7.0 | 14.70 | 51.78 | 66.48 | OK | |
r-release-linux-x86_64 | 3.7.0 | 5.87 | 52.51 | 58.38 | OK | |
r-release-macos-arm64 | 3.7.0 | 34.00 | OK | |||
r-release-macos-x86_64 | 3.7.0 | 59.00 | OK | |||
r-release-windows-x86_64 | 3.7.0 | 7.00 | 67.00 | 74.00 | OK | |
r-oldrel-macos-arm64 | 3.7.0 | 34.00 | OK | |||
r-oldrel-macos-x86_64 | 3.7.0 | 50.00 | OK | |||
r-oldrel-windows-x86_64 | 3.7.0 | 9.00 | 71.00 | 80.00 | OK |
Version: 3.7.0
Check: dependencies in R code
Result: NOTE
Namespace in Imports field not imported from: ‘R6’
All declared Imports should be used.
Flavors: r-devel-linux-x86_64-fedora-clang, r-devel-linux-x86_64-fedora-gcc