Last updated on 2024-06-07 21:51:30 CEST.
Flavor | Version | Tinstall | Tcheck | Ttotal | Status | Flags |
---|---|---|---|---|---|---|
r-devel-linux-x86_64-debian-clang | 0.1.1 | 4.65 | 147.87 | 152.52 | NOTE | |
r-devel-linux-x86_64-debian-gcc | 0.1.1 | 3.44 | 103.00 | 106.44 | NOTE | |
r-devel-linux-x86_64-fedora-clang | 0.1.1 | 186.19 | NOTE | |||
r-devel-linux-x86_64-fedora-gcc | 0.1.1 | 193.25 | NOTE | |||
r-devel-windows-x86_64 | 0.1.1 | 4.00 | 136.00 | 140.00 | NOTE | |
r-patched-linux-x86_64 | 0.1.1 | 2.83 | 142.82 | 145.65 | NOTE | |
r-release-linux-x86_64 | 0.1.1 | 2.53 | 141.31 | 143.84 | NOTE | |
r-release-macos-arm64 | 0.1.1 | 49.00 | NOTE | |||
r-release-macos-x86_64 | 0.1.1 | 86.00 | NOTE | |||
r-release-windows-x86_64 | 0.1.1 | 4.00 | 138.00 | 142.00 | NOTE | |
r-oldrel-macos-arm64 | 0.1.1 | 49.00 | NOTE | |||
r-oldrel-macos-x86_64 | 0.1.1 | 90.00 | NOTE | |||
r-oldrel-windows-x86_64 | 0.1.1 | 6.00 | 152.00 | 158.00 | NOTE |
Version: 0.1.1
Check: LazyData
Result: NOTE
'LazyData' is specified without a 'data' directory
Flavors: r-devel-linux-x86_64-debian-clang, r-devel-linux-x86_64-debian-gcc, r-devel-linux-x86_64-fedora-clang, r-devel-linux-x86_64-fedora-gcc, r-devel-windows-x86_64, r-patched-linux-x86_64, r-release-linux-x86_64, r-release-macos-arm64, r-release-macos-x86_64, r-release-windows-x86_64, r-oldrel-macos-arm64, r-oldrel-macos-x86_64, r-oldrel-windows-x86_64