Last updated on 2024-06-08 09:49:08 CEST.
Flavor | Version | Tinstall | Tcheck | Ttotal | Status | Flags |
---|---|---|---|---|---|---|
r-devel-linux-x86_64-debian-clang | 1.0.0 | 153.79 | 82.67 | 236.46 | NOTE | |
r-devel-linux-x86_64-debian-gcc | 1.0.0 | 115.18 | 63.43 | 178.61 | NOTE | |
r-devel-linux-x86_64-fedora-clang | 1.0.0 | 343.92 | NOTE | |||
r-devel-linux-x86_64-fedora-gcc | 1.0.0 | 385.29 | NOTE | |||
r-devel-windows-x86_64 | 1.0.0 | 125.00 | 107.00 | 232.00 | NOTE | |
r-patched-linux-x86_64 | 1.0.0 | 143.80 | 80.53 | 224.33 | NOTE | |
r-release-linux-x86_64 | 1.0.0 | 144.75 | 82.46 | 227.21 | NOTE | |
r-release-macos-arm64 | 1.0.0 | 76.00 | NOTE | |||
r-release-macos-x86_64 | 1.0.0 | 92.00 | NOTE | |||
r-release-windows-x86_64 | 1.0.0 | 129.00 | 118.00 | 247.00 | NOTE | |
r-oldrel-macos-arm64 | 1.0.0 | 88.00 | NOTE | |||
r-oldrel-macos-x86_64 | 1.0.0 | 156.00 | NOTE | |||
r-oldrel-windows-x86_64 | 1.0.0 | 151.00 | 127.00 | 278.00 | NOTE |
Version: 1.0.0
Check: C++ specification
Result: NOTE
Specified C++11: please drop specification unless essential
Flavors: r-devel-linux-x86_64-debian-clang, r-devel-linux-x86_64-debian-gcc, r-devel-linux-x86_64-fedora-clang, r-devel-linux-x86_64-fedora-gcc, r-devel-windows-x86_64, r-patched-linux-x86_64, r-release-linux-x86_64, r-release-macos-arm64, r-release-macos-x86_64, r-release-windows-x86_64, r-oldrel-macos-arm64, r-oldrel-macos-x86_64, r-oldrel-windows-x86_64
Version: 1.0.0
Check: installed package size
Result: NOTE
installed size is 16.2Mb
sub-directories of 1Mb or more:
doc 1.8Mb
libs 14.2Mb
Flavors: r-release-macos-arm64, r-release-macos-x86_64, r-oldrel-macos-arm64, r-oldrel-macos-x86_64