Last updated on 2024-06-07 21:51:30 CEST.
Flavor | Version | Tinstall | Tcheck | Ttotal | Status | Flags |
---|---|---|---|---|---|---|
r-devel-linux-x86_64-debian-clang | 0.4.0 | 4.75 | 64.48 | 69.23 | OK | |
r-devel-linux-x86_64-debian-gcc | 0.4.0 | 3.20 | 48.61 | 51.81 | OK | |
r-devel-linux-x86_64-fedora-clang | 0.4.0 | 91.80 | NOTE | |||
r-devel-linux-x86_64-fedora-gcc | 0.4.0 | 92.39 | NOTE | |||
r-devel-windows-x86_64 | 0.4.0 | 4.00 | 69.00 | 73.00 | OK | |
r-patched-linux-x86_64 | 0.4.0 | 6.59 | 62.24 | 68.83 | OK | |
r-release-linux-x86_64 | 0.3.1 | 3.52 | 63.37 | 66.89 | OK | |
r-release-macos-arm64 | 0.4.0 | 33.00 | OK | |||
r-release-macos-x86_64 | 0.4.0 | 60.00 | OK | |||
r-release-windows-x86_64 | 0.4.0 | 6.00 | 77.00 | 83.00 | OK | |
r-oldrel-macos-arm64 | 0.4.0 | 39.00 | OK | |||
r-oldrel-macos-x86_64 | 0.4.0 | 67.00 | OK | |||
r-oldrel-windows-x86_64 | 0.4.0 | 6.00 | 83.00 | 89.00 | OK |
Version: 0.4.0
Check: data for non-ASCII characters
Result: NOTE
Note: found 3 marked UTF-8 strings
Flavors: r-devel-linux-x86_64-fedora-clang, r-devel-linux-x86_64-fedora-gcc