Last updated on 2024-06-16 11:57:53 CEST.
Flavor | Version | Tinstall | Tcheck | Ttotal | Status | Flags |
---|---|---|---|---|---|---|
r-devel-linux-x86_64-debian-clang | 0.1.0 | 18.38 | 136.00 | 154.38 | OK | |
r-devel-linux-x86_64-debian-gcc | 0.1.0 | 14.88 | 97.21 | 112.09 | OK | |
r-devel-linux-x86_64-fedora-clang | 0.1.0 | 189.06 | NOTE | |||
r-devel-linux-x86_64-fedora-gcc | 0.1.0 | 179.96 | NOTE | |||
r-devel-windows-x86_64 | 0.1.0 | 16.00 | 107.00 | 123.00 | OK | |
r-patched-linux-x86_64 | 0.1.0 | 16.46 | 130.21 | 146.67 | OK | |
r-release-linux-x86_64 | 0.1.0 | 15.66 | 125.94 | 141.60 | OK | |
r-release-macos-arm64 | 0.1.0 | 53.00 | OK | |||
r-release-macos-x86_64 | 0.1.0 | 74.00 | OK | |||
r-release-windows-x86_64 | 0.1.0 | 18.00 | 118.00 | 136.00 | OK | |
r-oldrel-macos-arm64 | 0.1.0 | 57.00 | OK | |||
r-oldrel-macos-x86_64 | 0.1.0 | 150.00 | OK | |||
r-oldrel-windows-x86_64 | 0.1.0 | 23.00 | 132.00 | 155.00 | OK |
Version: 0.1.0
Check: dependencies in R code
Result: NOTE
Namespace in Imports field not imported from: ‘devtools’
All declared Imports should be used.
Flavors: r-devel-linux-x86_64-fedora-clang, r-devel-linux-x86_64-fedora-gcc