Last updated on 2024-06-08 09:49:08 CEST.
Flavor | Version | Tinstall | Tcheck | Ttotal | Status | Flags |
---|---|---|---|---|---|---|
r-devel-linux-x86_64-debian-clang | 3.0.1 | 29.48 | 358.69 | 388.17 | OK | |
r-devel-linux-x86_64-debian-gcc | 3.0.1 | 25.81 | 246.69 | 272.50 | OK | |
r-devel-linux-x86_64-fedora-clang | 3.0.1 | 467.49 | NOTE | |||
r-devel-linux-x86_64-fedora-gcc | 3.0.1 | 484.08 | NOTE | |||
r-devel-windows-x86_64 | 3.0.1 | 28.00 | 226.00 | 254.00 | OK | |
r-patched-linux-x86_64 | 3.0.1 | 35.95 | 327.22 | 363.17 | OK | |
r-release-linux-x86_64 | 3.0.1 | 29.17 | 332.62 | 361.79 | OK | |
r-release-macos-arm64 | 3.0.1 | 123.00 | OK | |||
r-release-macos-x86_64 | 3.0.1 | 208.00 | OK | |||
r-release-windows-x86_64 | 3.0.1 | 29.00 | 235.00 | 264.00 | OK | |
r-oldrel-macos-arm64 | 3.0.1 | 127.00 | OK | |||
r-oldrel-macos-x86_64 | 3.0.1 | 283.00 | OK | |||
r-oldrel-windows-x86_64 | 3.0.1 | 39.00 | 294.00 | 333.00 | OK |
Version: 3.0.1
Check: data for non-ASCII characters
Result: NOTE
Note: found 144 marked UTF-8 strings
Flavors: r-devel-linux-x86_64-fedora-clang, r-devel-linux-x86_64-fedora-gcc