Last updated on 2024-06-07 21:51:33 CEST.
Flavor | Version | Tinstall | Tcheck | Ttotal | Status | Flags |
---|---|---|---|---|---|---|
r-devel-linux-x86_64-debian-clang | 0.1.4 | 5.41 | 118.00 | 123.41 | NOTE | |
r-devel-linux-x86_64-debian-gcc | 0.1.4 | 4.67 | 86.28 | 90.95 | NOTE | |
r-devel-linux-x86_64-fedora-clang | 0.1.4 | 154.20 | NOTE | |||
r-devel-linux-x86_64-fedora-gcc | 0.1.4 | 144.76 | NOTE | |||
r-devel-windows-x86_64 | 0.1.4 | 7.00 | 115.00 | 122.00 | NOTE | |
r-patched-linux-x86_64 | 0.1.4 | 7.28 | 108.27 | 115.55 | NOTE | |
r-release-linux-x86_64 | 0.1.4 | 5.79 | 108.40 | 114.19 | NOTE | |
r-release-macos-arm64 | 0.1.4 | 56.00 | NOTE | |||
r-release-macos-x86_64 | 0.1.4 | 82.00 | NOTE | |||
r-release-windows-x86_64 | 0.1.4 | 9.00 | 86.00 | 95.00 | ERROR | |
r-oldrel-macos-arm64 | 0.1.4 | 63.00 | OK | |||
r-oldrel-macos-x86_64 | 0.1.4 | 96.00 | OK | |||
r-oldrel-windows-x86_64 | 0.1.4 | 9.00 | 130.00 | 139.00 | OK |
Version: 0.1.4
Check: Rd files
Result: NOTE
checkRd: (-1) conifersIP.Rd:9: Lost braces; missing escapes or markup?
9 | \code{conifersIP} {has following variables:}
| ^
checkRd: (-1) conifersIP.Rd:11: Lost braces in \itemize; meant \describe ?
checkRd: (-1) conifersIP.Rd:12: Lost braces in \itemize; meant \describe ?
checkRd: (-1) conifersIP.Rd:13: Lost braces in \itemize; meant \describe ?
checkRd: (-1) conifersIP.Rd:14: Lost braces in \itemize; meant \describe ?
checkRd: (-1) conifersIP.Rd:15: Lost braces in \itemize; meant \describe ?
checkRd: (-1) sync.Rd:22: Lost braces in \itemize; \value handles \item{}{} directly
checkRd: (-1) sync.Rd:23: Lost braces in \itemize; \value handles \item{}{} directly
checkRd: (-1) sync.Rd:24: Lost braces in \itemize; \value handles \item{}{} directly
checkRd: (-1) sync.Rd:25: Lost braces in \itemize; \value handles \item{}{} directly
checkRd: (-1) sync.Rd:26: Lost braces in \itemize; \value handles \item{}{} directly
checkRd: (-1) sync.Rd:27: Lost braces in \itemize; \value handles \item{}{} directly
checkRd: (-1) sync.Rd:28: Lost braces in \itemize; \value handles \item{}{} directly
Flavors: r-devel-linux-x86_64-debian-clang, r-devel-linux-x86_64-debian-gcc, r-devel-linux-x86_64-fedora-clang, r-devel-linux-x86_64-fedora-gcc, r-devel-windows-x86_64, r-patched-linux-x86_64, r-release-linux-x86_64, r-release-macos-arm64, r-release-macos-x86_64, r-release-windows-x86_64
Version: 0.1.4
Check: examples
Result: ERROR
Running examples in 'DendroSync-Ex.R' failed
The error most likely occurred in:
> ### Name: mod.table
> ### Title: Function to calculate goodness-of-fit statistics for
> ### variance-covariance models
> ### Aliases: mod.table
>
> ### ** Examples
>
> ## Compare homoscedastic variance-covariance models on Iberian Peninsula
> # conifer ring chronologies using taxonomic grouping criteria (i.e. Species).
> data(conifersIP)
> ModHmSp <- dendro.varcov(TRW ~ Code, varTime = "Year", varGroup = "Species",
+ data = conifersIP, homoscedastic = TRUE)
[1] "Please wait. I am fitting the models now :)"
Error in logLik.lmeStructInt(lmeSt, lmePars) :
'R_Calloc' could not allocate memory (6154 of 8 bytes)
Calls: dendro.varcov ... nlminb -> objective -> logLik -> logLik.lmeStructInt
Execution halted
Flavor: r-release-windows-x86_64
Version: 0.1.4
Check: PDF version of manual
Result: WARN
LaTeX errors when creating PDF version.
This typically indicates Rd problems.
Flavor: r-release-windows-x86_64
Version: 0.1.4
Check: PDF version of manual without index
Result: ERROR
Re-running with no redirection of stdout/stderr.
Flavor: r-release-windows-x86_64