Last updated on 2024-06-15 11:50:05 CEST.
Flavor | Version | Tinstall | Tcheck | Ttotal | Status | Flags |
---|---|---|---|---|---|---|
r-devel-linux-x86_64-debian-clang | 1.0-0 | 1.85 | 22.19 | 24.04 | OK | |
r-devel-linux-x86_64-debian-gcc | 1.0-0 | 1.74 | 17.18 | 18.92 | OK | |
r-devel-linux-x86_64-fedora-clang | 1.0-0 | 30.50 | NOTE | |||
r-devel-linux-x86_64-fedora-gcc | 1.0-0 | 29.77 | OK | |||
r-devel-windows-x86_64 | 1.0-0 | 3.00 | 36.00 | 39.00 | OK | |
r-patched-linux-x86_64 | 1.0-0 | 1.74 | 21.58 | 23.32 | OK | |
r-release-linux-x86_64 | 1.0-0 | 1.52 | 21.53 | 23.05 | OK | |
r-release-macos-arm64 | 1.0-0 | 13.00 | OK | |||
r-release-macos-x86_64 | 1.0-0 | 19.00 | OK | |||
r-release-windows-x86_64 | 1.0-0 | 3.00 | 35.00 | 38.00 | OK | |
r-oldrel-macos-arm64 | 1.0-0 | 18.00 | OK | |||
r-oldrel-macos-x86_64 | 1.0-0 | 19.00 | OK | |||
r-oldrel-windows-x86_64 | 1.0-0 | 4.00 | 36.00 | 40.00 | OK |
Version: 1.0-0
Check: Rd cross-references
Result: NOTE
Undeclared package ‘quadprog’ in Rd xrefs
Flavor: r-devel-linux-x86_64-fedora-clang