Last updated on 2024-06-08 09:49:09 CEST.
Flavor | Version | Tinstall | Tcheck | Ttotal | Status | Flags |
---|---|---|---|---|---|---|
r-devel-linux-x86_64-debian-clang | 1.1.3 | 15.48 | 149.68 | 165.16 | OK | |
r-devel-linux-x86_64-debian-gcc | 1.1.3 | 14.57 | 108.24 | 122.81 | OK | |
r-devel-linux-x86_64-fedora-clang | 1.1.3 | 215.23 | OK | |||
r-devel-linux-x86_64-fedora-gcc | 1.1.3 | 211.61 | OK | |||
r-devel-windows-x86_64 | 1.1.3 | 17.00 | 121.00 | 138.00 | OK | |
r-patched-linux-x86_64 | 1.1.3 | 16.75 | 139.45 | 156.20 | OK | |
r-release-linux-x86_64 | 1.1.3 | 17.64 | 139.12 | 156.76 | OK | |
r-release-macos-arm64 | 1.1.3 | 60.00 | OK | |||
r-release-macos-x86_64 | 1.1.3 | 93.00 | OK | |||
r-release-windows-x86_64 | 1.1.3 | 17.00 | 121.00 | 138.00 | WARN | |
r-oldrel-macos-arm64 | 1.1.3 | 77.00 | OK | |||
r-oldrel-macos-x86_64 | 1.1.3 | 181.00 | OK | |||
r-oldrel-windows-x86_64 | 1.1.3 | 20.00 | 150.00 | 170.00 | OK |
Version: 1.1.3
Check: whether the package can be loaded with stated dependencies
Result: WARN
It looks like this package (or one of its dependent packages) has an
unstated dependence on a standard package. All dependencies must be
declared in DESCRIPTION.
See section 'The DESCRIPTION file' in the 'Writing R Extensions'
manual.
Flavor: r-release-windows-x86_64
Version: 1.1.3
Check: whether the package can be unloaded cleanly
Result: WARN
Flavor: r-release-windows-x86_64
Version: 1.1.3
Check: whether the namespace can be loaded with stated dependencies
Result: WARN
A namespace must be able to be loaded with just the base namespace
loaded: otherwise if the namespace gets loaded by a saved object, the
session will be unable to start.
Probably some imports need to be declared in the NAMESPACE file.
Flavor: r-release-windows-x86_64
Version: 1.1.3
Check: whether the namespace can be unloaded cleanly
Result: WARN
Flavor: r-release-windows-x86_64