Last updated on 2024-06-29 11:49:11 CEST.
Flavor | Version | Tinstall | Tcheck | Ttotal | Status | Flags |
---|---|---|---|---|---|---|
r-devel-linux-x86_64-debian-clang | 2.1.2 | 34.67 | 71.39 | 106.06 | OK | |
r-devel-linux-x86_64-debian-gcc | 2.1.2 | 22.20 | 52.78 | 74.98 | OK | |
r-devel-linux-x86_64-fedora-clang | 2.1.2 | 130.92 | NOTE | |||
r-devel-linux-x86_64-fedora-gcc | 2.1.2 | 151.18 | NOTE | |||
r-devel-windows-x86_64 | 2.1.2 | 24.00 | 120.00 | 144.00 | OK | |
r-patched-linux-x86_64 | 2.1.2 | 24.75 | 68.29 | 93.04 | OK | |
r-release-linux-x86_64 | 2.1.2 | 24.58 | 69.22 | 93.80 | OK | |
r-release-macos-arm64 | 2.1.2 | 43.00 | OK | |||
r-release-macos-x86_64 | 2.1.2 | 71.00 | OK | |||
r-release-windows-x86_64 | 2.1.2 | 24.00 | 116.00 | 140.00 | OK | |
r-oldrel-macos-arm64 | 2.1.2 | 50.00 | OK | |||
r-oldrel-macos-x86_64 | 2.1.2 | 71.00 | OK | |||
r-oldrel-windows-x86_64 | 2.1.2 | 28.00 | 133.00 | 161.00 | OK |
Version: 2.1.2
Check: dependencies in R code
Result: NOTE
Namespace in Imports field not imported from: ‘Matrix’
All declared Imports should be used.
Flavors: r-devel-linux-x86_64-fedora-clang, r-devel-linux-x86_64-fedora-gcc