Last updated on 2024-06-07 21:51:37 CEST.
Flavor | Version | Tinstall | Tcheck | Ttotal | Status | Flags |
---|---|---|---|---|---|---|
r-devel-linux-x86_64-debian-clang | 0.1.1 | 38.24 | 277.77 | 316.01 | OK | |
r-devel-linux-x86_64-debian-gcc | 0.1.1 | 28.03 | 199.46 | 227.49 | OK | |
r-devel-linux-x86_64-fedora-clang | 0.1.1 | 412.47 | OK | |||
r-devel-linux-x86_64-fedora-gcc | 0.1.1 | 387.31 | OK | |||
r-devel-windows-x86_64 | 0.1.1 | 31.00 | 178.00 | 209.00 | OK | |
r-patched-linux-x86_64 | 0.1.1 | 24.57 | 258.52 | 283.09 | OK | |
r-release-linux-x86_64 | 0.1.1 | 26.06 | 263.81 | 289.87 | OK | |
r-release-macos-arm64 | 0.1.1 | 97.00 | OK | |||
r-release-macos-x86_64 | 0.1.1 | 157.00 | OK | |||
r-release-windows-x86_64 | 0.1.1 | 28.00 | 100.00 | 128.00 | FAIL | |
r-oldrel-macos-arm64 | 0.1.1 | 96.00 | OK | |||
r-oldrel-macos-x86_64 | 0.1.1 | 226.00 | OK | |||
r-oldrel-windows-x86_64 | 0.1.1 | 42.00 | 244.00 | 286.00 | OK |
Version: 0.1.1
Check: whether the package can be loaded with stated dependencies
Result: WARN
It looks like this package (or one of its dependent packages) has an
unstated dependence on a standard package. All dependencies must be
declared in DESCRIPTION.
See section 'The DESCRIPTION file' in the 'Writing R Extensions'
manual.
Flavor: r-release-windows-x86_64
Version: 0.1.1
Check: for missing documentation entries
Result: WARN
Error: package or namespace load failed for 'EpiSemble' in inDL(x, as.logical(local), as.logical(now), ...):
unable to load shared object 'D:/RCompile/CRANpkg/lib/4.4/S4Vectors/libs/x64/S4Vectors.dll':
LoadLibrary failure: Die Auslagerungsdatei ist zu klein, um diesen Vorgang durchzuführen.
Call sequence:
6: stop(msg, call. = FALSE, domain = NA)
5: value[[3L]](cond)
4: tryCatchOne(expr, names, parentenv, handlers[[1L]])
3: tryCatchList(expr, classes, parentenv, handlers)
2: tryCatch({
attr(package, "LibPath") <- which.lib.loc
ns <- loadNamespace(package, lib.loc)
env <- attachNamespace(ns, pos = pos, deps, exclude, include.only)
}, error = function(e) {
P <- if (!is.null(cc <- conditionCall(e)))
paste(" in", deparse(cc)[1L])
else ""
msg <- gettextf("package or namespace load failed for %s%s:\n %s",
sQuote(package), P, conditionMessage(e))
if (logical.return && !quietly)
message(paste("Error:",
Execution halted
All user-level objects in a package should have documentation entries.
See chapter 'Writing R documentation files' in the 'Writing R
Extensions' manual.
Flavor: r-release-windows-x86_64
Version: 0.1.1
Check: for code/documentation mismatches
Result: WARN
Error: package or namespace load failed for 'EpiSemble' in inDL(x, as.logical(local), as.logical(now), ...):
unable to load shared object 'D:/RCompile/CRANpkg/lib/4.4/httpuv/libs/x64/httpuv.dll':
LoadLibrary failure: Die Auslagerungsdatei ist zu klein, um diesen Vorgang durchzuführen.
Call sequence:
6: stop(msg, call. = FALSE, domain = NA)
5: value[[3L]](cond)
4: tryCatchOne(expr, names, parentenv, handlers[[1L]])
3: tryCatchList(expr, classes, parentenv, handlers)
2: tryCatch({
attr(package, "LibPath") <- which.lib.loc
ns <- loadNamespace(package, lib.loc)
env <- attachNamespace(ns, pos = pos, deps, exclude, include.only)
}, error = function(e) {
P <- if (!is.null(cc <- conditionCall(e)))
paste(" in", deparse(cc)[1L])
else ""
msg <- gettextf("package or namespace load failed for %s%s:\n %s",
sQuote(package), P, conditionMessage(e))
if (logical.return && !quietly)
message(paste("Error:", msg),
Execution halted
Error: package or namespace load failed for 'EpiSemble' in inDL(x, as.logical(local), as.logical(now), ...):
unable to load shared object 'D:/RCompile/CRANpkg/lib/4.4/Biostrings/libs/x64/Biostrings.dll':
LoadLibrary failure: Die Auslagerungsdatei ist zu klein, um diesen Vorgang durchzuführen.
Call sequence:
6: stop(msg, call. = FALSE, domain = NA)
5: value[[3L]](cond)
4: tryCatchOne(expr, names, parentenv, handlers[[1L]])
3: tryCatchList(expr, classes, parentenv, handlers)
2: tryCatch({
attr(package, "LibPath") <- which.lib.loc
ns <- loadNamespace(package, lib.loc)
env <- attachNamespace(ns, pos = pos, deps, exclude, include.only)
}, error = function(e) {
P <- if (!is.null(cc <- conditionCall(e)))
paste(" in", deparse(cc)[1L])
else ""
msg <- gettextf("package or namespace load failed for %s%s:\n %s",
sQuote(package), P, conditionMessage(e))
if (logical.return && !quietly)
message(paste("Error:
Execution halted
Flavor: r-release-windows-x86_64
Version: 0.1.1
Check: Rd \usage sections
Result: WARN
During startup - Warning message:
package 'stats' in options("defaultPackages") was not found
Error: memory exhausted
Execution halted
Functions with \usage entries need to have the appropriate \alias
entries, and all their arguments documented.
The \usage entries must correspond to syntactically valid R code.
See chapter 'Writing R documentation files' in the 'Writing R
Extensions' manual.
Flavor: r-release-windows-x86_64
Version: 0.1.1
Check: Rd contents
Result: FAIL
Flavor: r-release-windows-x86_64