Last updated on 2024-06-16 00:14:03 CEST.
Flavor | Version | Tinstall | Tcheck | Ttotal | Status | Flags |
---|---|---|---|---|---|---|
r-devel-linux-x86_64-debian-clang | 1.2 | 27.67 | 34.68 | 62.35 | OK | |
r-devel-linux-x86_64-debian-gcc | 1.2 | 19.65 | 27.49 | 47.14 | OK | |
r-devel-linux-x86_64-fedora-clang | 1.2 | 82.90 | OK | |||
r-devel-linux-x86_64-fedora-gcc | 1.2 | 85.26 | OK | |||
r-devel-windows-x86_64 | 1.2 | 25.00 | 67.00 | 92.00 | OK | |
r-patched-linux-x86_64 | 1.2 | 26.04 | 33.47 | 59.51 | OK | |
r-release-linux-x86_64 | 1.2 | 27.02 | 33.53 | 60.55 | OK | |
r-release-macos-arm64 | 1.2 | 27.00 | NOTE | |||
r-release-macos-x86_64 | 1.2 | 52.00 | NOTE | |||
r-release-windows-x86_64 | 1.2 | 25.00 | 71.00 | 96.00 | OK | |
r-oldrel-macos-arm64 | 1.2 | 30.00 | NOTE | |||
r-oldrel-macos-x86_64 | 1.2 | 44.00 | NOTE | |||
r-oldrel-windows-x86_64 | 1.2 | 30.00 | 85.00 | 115.00 | OK |
Version: 1.2
Check: installed package size
Result: NOTE
installed size is 5.8Mb
sub-directories of 1Mb or more:
data 3.5Mb
libs 2.2Mb
Flavors: r-release-macos-arm64, r-release-macos-x86_64, r-oldrel-macos-arm64, r-oldrel-macos-x86_64