Last updated on 2024-06-07 21:51:39 CEST.
Flavor | Version | Tinstall | Tcheck | Ttotal | Status | Flags |
---|---|---|---|---|---|---|
r-devel-linux-x86_64-debian-clang | 3.4.7 | 125.18 | 202.28 | 327.46 | OK | |
r-devel-linux-x86_64-debian-gcc | 3.4.7 | 92.09 | 137.16 | 229.25 | OK | |
r-devel-linux-x86_64-fedora-clang | 3.4.7 | 416.37 | OK | |||
r-devel-linux-x86_64-fedora-gcc | 3.4.7 | 419.02 | OK | |||
r-devel-windows-x86_64 | 3.4.7 | 93.00 | 169.00 | 262.00 | OK | |
r-patched-linux-x86_64 | 3.4.7 | 103.45 | 186.02 | 289.47 | OK | |
r-release-linux-x86_64 | 3.4.7 | 85.29 | 186.30 | 271.59 | OK | |
r-release-macos-arm64 | 3.4.7 | 80.00 | NOTE | |||
r-release-macos-x86_64 | 3.4.7 | 119.00 | NOTE | |||
r-release-windows-x86_64 | 3.4.7 | 100.00 | 185.00 | 285.00 | OK | |
r-oldrel-macos-arm64 | 3.4.7 | 103.00 | NOTE | |||
r-oldrel-macos-x86_64 | 3.4.7 | 233.00 | NOTE | |||
r-oldrel-windows-x86_64 | 3.4.7 | 122.00 | 216.00 | 338.00 | OK |
Version: 3.4.7
Check: installed package size
Result: NOTE
installed size is 9.1Mb
sub-directories of 1Mb or more:
doc 1.7Mb
libs 6.2Mb
Flavors: r-release-macos-arm64, r-release-macos-x86_64, r-oldrel-macos-arm64, r-oldrel-macos-x86_64