Last updated on 2024-06-07 21:51:40 CEST.
Flavor | Version | Tinstall | Tcheck | Ttotal | Status | Flags |
---|---|---|---|---|---|---|
r-devel-linux-x86_64-debian-clang | 0.1.1 | 118.36 | 28.20 | 146.56 | NOTE | |
r-devel-linux-x86_64-debian-gcc | 0.1.1 | 120.82 | 21.93 | 142.75 | NOTE | |
r-devel-linux-x86_64-fedora-clang | 0.1.1 | 250.36 | NOTE | |||
r-devel-linux-x86_64-fedora-gcc | 0.1.1 | 309.43 | NOTE | |||
r-devel-windows-x86_64 | 0.1.1 | 125.00 | 66.00 | 191.00 | NOTE | |
r-patched-linux-x86_64 | 0.1.1 | 149.59 | 27.12 | 176.71 | NOTE | |
r-release-linux-x86_64 | 0.1.1 | 136.79 | 26.63 | 163.42 | NOTE | |
r-release-macos-arm64 | 0.1.1 | 50.00 | NOTE | |||
r-release-macos-x86_64 | 0.1.1 | 51.00 | NOTE | |||
r-release-windows-x86_64 | 0.1.1 | 125.00 | 68.00 | 193.00 | NOTE | |
r-oldrel-macos-arm64 | 0.1.1 | 79.00 | NOTE | |||
r-oldrel-macos-x86_64 | 0.1.1 | 96.00 | NOTE | |||
r-oldrel-windows-x86_64 | 0.1.1 | 427.00 | 73.00 | 500.00 | NOTE |
Version: 0.1.1
Check: C++ specification
Result: NOTE
Specified C++11: please drop specification unless essential
Flavors: r-devel-linux-x86_64-debian-clang, r-devel-linux-x86_64-debian-gcc, r-devel-linux-x86_64-fedora-clang, r-devel-linux-x86_64-fedora-gcc, r-devel-windows-x86_64, r-patched-linux-x86_64, r-release-linux-x86_64, r-release-macos-arm64, r-release-macos-x86_64, r-release-windows-x86_64, r-oldrel-macos-arm64, r-oldrel-macos-x86_64, r-oldrel-windows-x86_64