Last updated on 2024-07-16 14:50:24 CEST.
Flavor | Version | Tinstall | Tcheck | Ttotal | Status | Flags |
---|---|---|---|---|---|---|
r-devel-linux-x86_64-debian-clang | 1.2 | 57.38 | 31.40 | 88.78 | OK | |
r-devel-linux-x86_64-debian-gcc | 1.2 | 37.41 | 25.43 | 62.84 | OK | |
r-devel-linux-x86_64-fedora-clang | 1.2 | 125.19 | NOTE | |||
r-devel-linux-x86_64-fedora-gcc | 1.2 | 123.01 | NOTE | |||
r-devel-windows-x86_64 | 1.2 | 42.00 | 64.00 | 106.00 | OK | |
r-patched-linux-x86_64 | 1.2 | 40.97 | 31.08 | 72.05 | OK | |
r-release-linux-x86_64 | 1.2 | 42.34 | 31.08 | 73.42 | OK | |
r-release-macos-arm64 | 1.2 | 27.00 | NOTE | |||
r-release-macos-x86_64 | 1.2 | 43.00 | NOTE | |||
r-release-windows-x86_64 | 1.2 | 43.00 | 65.00 | 108.00 | OK | |
r-oldrel-macos-arm64 | 1.2 | 35.00 | NOTE | |||
r-oldrel-macos-x86_64 | 1.2 | 50.00 | NOTE | |||
r-oldrel-windows-x86_64 | 1.2 | 52.00 | 72.00 | 124.00 | OK |
Version: 1.2
Check: compiled code
Result: NOTE
File ‘FastGP/libs/FastGP.so’:
Found no calls to: ‘R_registerRoutines’, ‘R_useDynamicSymbols’
It is good practice to register native routines and to disable symbol
search.
See ‘Writing portable packages’ in the ‘Writing R Extensions’ manual.
Flavors: r-devel-linux-x86_64-fedora-clang, r-devel-linux-x86_64-fedora-gcc
Version: 1.2
Check: installed package size
Result: NOTE
installed size is 7.8Mb
sub-directories of 1Mb or more:
libs 7.4Mb
Flavors: r-release-macos-arm64, r-release-macos-x86_64, r-oldrel-macos-arm64, r-oldrel-macos-x86_64