Last updated on 2024-06-07 21:51:40 CEST.
Flavor | Version | Tinstall | Tcheck | Ttotal | Status | Flags |
---|---|---|---|---|---|---|
r-devel-linux-x86_64-debian-clang | 1.0 | 17.12 | 177.15 | 194.27 | NOTE | |
r-devel-linux-x86_64-debian-gcc | 1.0 | 13.08 | 126.48 | 139.56 | NOTE | |
r-devel-linux-x86_64-fedora-clang | 1.0 | 229.58 | NOTE | |||
r-devel-linux-x86_64-fedora-gcc | 1.0 | 216.62 | NOTE | |||
r-devel-windows-x86_64 | 1.0 | 14.00 | 136.00 | 150.00 | NOTE | |
r-patched-linux-x86_64 | 1.0 | 22.96 | 166.93 | 189.89 | NOTE | |
r-release-linux-x86_64 | 1.0 | 14.60 | 166.05 | 180.65 | NOTE | |
r-release-macos-arm64 | 1.0 | 58.00 | NOTE | |||
r-release-macos-x86_64 | 1.0 | 90.00 | NOTE | |||
r-release-windows-x86_64 | 1.0 | 14.00 | 143.00 | 157.00 | NOTE | |
r-oldrel-macos-arm64 | 1.0 | 62.00 | NOTE | |||
r-oldrel-macos-x86_64 | 1.0 | 105.00 | NOTE | |||
r-oldrel-windows-x86_64 | 1.0 | 18.00 | 174.00 | 192.00 | NOTE |
Version: 1.0
Check: LazyData
Result: NOTE
'LazyData' is specified without a 'data' directory
Flavors: r-devel-linux-x86_64-debian-clang, r-devel-linux-x86_64-debian-gcc, r-devel-linux-x86_64-fedora-clang, r-devel-linux-x86_64-fedora-gcc, r-devel-windows-x86_64, r-patched-linux-x86_64, r-release-linux-x86_64, r-release-macos-arm64, r-release-macos-x86_64, r-release-windows-x86_64, r-oldrel-macos-arm64, r-oldrel-macos-x86_64, r-oldrel-windows-x86_64