Last updated on 2024-06-07 21:51:41 CEST.
Flavor | Version | Tinstall | Tcheck | Ttotal | Status | Flags |
---|---|---|---|---|---|---|
r-devel-linux-x86_64-debian-clang | 1.2 | 117.62 | 26.74 | 144.36 | NOTE | |
r-devel-linux-x86_64-debian-gcc | 1.2 | 73.80 | 21.19 | 94.99 | NOTE | |
r-devel-linux-x86_64-fedora-clang | 1.2 | 222.50 | NOTE | |||
r-devel-linux-x86_64-fedora-gcc | 1.2 | 215.66 | NOTE | |||
r-devel-windows-x86_64 | 1.2 | 89.00 | 62.00 | 151.00 | NOTE | |
r-patched-linux-x86_64 | 1.2 | 86.77 | 26.09 | 112.86 | NOTE | |
r-release-linux-x86_64 | 1.2 | 93.06 | 26.14 | 119.20 | NOTE | |
r-release-macos-arm64 | 1.2 | 39.00 | NOTE | |||
r-release-macos-x86_64 | 1.2 | 43.00 | NOTE | |||
r-release-windows-x86_64 | 1.2 | 88.00 | 62.00 | 150.00 | NOTE | |
r-oldrel-macos-arm64 | 1.2 | 49.00 | OK | |||
r-oldrel-macos-x86_64 | 1.2 | 78.00 | OK | |||
r-oldrel-windows-x86_64 | 1.2 | 108.00 | 73.00 | 181.00 | OK |
Version: 1.2
Check: Rd files
Result: NOTE
checkRd: (-1) MinimiseEPL.Rd:17: Lost braces in \itemize; meant \describe ?
checkRd: (-1) MinimiseEPL.Rd:18: Lost braces in \itemize; meant \describe ?
checkRd: (-1) MinimiseEPL.Rd:19: Lost braces in \itemize; meant \describe ?
checkRd: (-1) MinimiseEPL.Rd:20: Lost braces in \itemize; meant \describe ?
Flavors: r-devel-linux-x86_64-debian-clang, r-devel-linux-x86_64-debian-gcc, r-devel-linux-x86_64-fedora-clang, r-devel-linux-x86_64-fedora-gcc, r-devel-windows-x86_64, r-patched-linux-x86_64, r-release-linux-x86_64, r-release-macos-arm64, r-release-macos-x86_64, r-release-windows-x86_64