Last updated on 2024-06-07 21:51:42 CEST.
Flavor | Version | Tinstall | Tcheck | Ttotal | Status | Flags |
---|---|---|---|---|---|---|
r-devel-linux-x86_64-debian-clang | 1.0.1 | 182.28 | 136.29 | 318.57 | NOTE | |
r-devel-linux-x86_64-debian-gcc | 1.0.1 | 115.88 | 103.25 | 219.13 | NOTE | |
r-devel-linux-x86_64-fedora-clang | 1.0.1 | 445.21 | NOTE | |||
r-devel-linux-x86_64-fedora-gcc | 1.0.1 | 429.47 | NOTE | |||
r-devel-windows-x86_64 | 1.0.1 | 131.00 | 125.00 | 256.00 | NOTE | |
r-patched-linux-x86_64 | 1.0.1 | 118.16 | 136.99 | 255.15 | NOTE | |
r-release-linux-x86_64 | 1.0.1 | 110.70 | 134.02 | 244.72 | NOTE | |
r-release-macos-arm64 | 1.0.1 | 82.00 | NOTE | |||
r-release-macos-x86_64 | 1.0.1 | 94.00 | NOTE | |||
r-release-windows-x86_64 | 1.0.1 | 125.00 | 133.00 | 258.00 | NOTE | |
r-oldrel-macos-arm64 | 1.0.1 | 93.00 | NOTE | |||
r-oldrel-macos-x86_64 | 1.0.1 | 151.00 | NOTE | |||
r-oldrel-windows-x86_64 | 1.0.1 | 165.00 | 160.00 | 325.00 | NOTE |
Version: 1.0.1
Check: Rd files
Result: NOTE
checkRd: (-1) ICAOD.Rd:12: Lost braces in \itemize; meant \describe ?
checkRd: (-1) ICAOD.Rd:13: Lost braces in \itemize; meant \describe ?
checkRd: (-1) ICAOD.Rd:14: Lost braces in \itemize; meant \describe ?
checkRd: (-1) ICAOD.Rd:15-16: Lost braces in \itemize; meant \describe ?
checkRd: (-1) ICAOD.Rd:21: Lost braces in \itemize; meant \describe ?
checkRd: (-1) ICAOD.Rd:22-23: Lost braces in \itemize; meant \describe ?
checkRd: (-1) bayes.Rd:142: Lost braces in \itemize; meant \describe ?
checkRd: (-1) bayes.Rd:143: Lost braces in \itemize; meant \describe ?
checkRd: (-1) bayes.Rd:144: Lost braces in \itemize; meant \describe ?
checkRd: (-1) bayes.Rd:145: Lost braces in \itemize; meant \describe ?
checkRd: (-1) crt.bayes.control.Rd:63: Lost braces
63 | \item{\code{level.trans}}{Logical variable denotes either to take the levels as number of grid points (FALSE = default) or to transform in that manner that number of grid points = 2^(levels-1) (TRUE). See, code{\link[mvQuad]{createNIGrid}}, for details.}
| ^
checkRd: (-1) normal.Rd:21: Lost braces in \itemize; \value handles \item{}{} directly
checkRd: (-1) normal.Rd:22: Lost braces in \itemize; \value handles \item{}{} directly
checkRd: (-1) normal.Rd:23: Lost braces in \itemize; \value handles \item{}{} directly
checkRd: (-1) normal.Rd:24: Lost braces in \itemize; \value handles \item{}{} directly
checkRd: (-1) sens.minimax.control.Rd:40-45: Lost braces in \itemize; meant \describe ?
checkRd: (-1) sens.minimax.control.Rd:46-47: Lost braces in \itemize; meant \describe ?
checkRd: (-1) skewnormal.Rd:23: Lost braces in \itemize; \value handles \item{}{} directly
checkRd: (-1) skewnormal.Rd:24: Lost braces in \itemize; \value handles \item{}{} directly
checkRd: (-1) skewnormal.Rd:25: Lost braces in \itemize; \value handles \item{}{} directly
checkRd: (-1) skewnormal.Rd:26: Lost braces in \itemize; \value handles \item{}{} directly
checkRd: (-1) student.Rd:23: Lost braces in \itemize; \value handles \item{}{} directly
checkRd: (-1) student.Rd:24: Lost braces in \itemize; \value handles \item{}{} directly
checkRd: (-1) student.Rd:25: Lost braces in \itemize; \value handles \item{}{} directly
checkRd: (-1) student.Rd:26: Lost braces in \itemize; \value handles \item{}{} directly
checkRd: (-1) uniform.Rd:17: Lost braces in \itemize; \value handles \item{}{} directly
checkRd: (-1) uniform.Rd:18: Lost braces in \itemize; \value handles \item{}{} directly
checkRd: (-1) uniform.Rd:19: Lost braces in \itemize; \value handles \item{}{} directly
checkRd: (-1) uniform.Rd:20: Lost braces in \itemize; \value handles \item{}{} directly
Flavors: r-devel-linux-x86_64-debian-clang, r-devel-linux-x86_64-debian-gcc, r-devel-linux-x86_64-fedora-clang, r-devel-linux-x86_64-fedora-gcc, r-devel-windows-x86_64, r-patched-linux-x86_64, r-release-linux-x86_64, r-release-macos-arm64, r-release-macos-x86_64, r-release-windows-x86_64
Version: 1.0.1
Check: LazyData
Result: NOTE
'LazyData' is specified without a 'data' directory
Flavors: r-devel-linux-x86_64-debian-clang, r-devel-linux-x86_64-debian-gcc, r-devel-linux-x86_64-fedora-clang, r-devel-linux-x86_64-fedora-gcc, r-devel-windows-x86_64, r-patched-linux-x86_64, r-release-linux-x86_64, r-release-macos-arm64, r-release-macos-x86_64, r-release-windows-x86_64, r-oldrel-macos-arm64, r-oldrel-macos-x86_64, r-oldrel-windows-x86_64
Version: 1.0.1
Check: installed package size
Result: NOTE
installed size is 8.4Mb
sub-directories of 1Mb or more:
libs 7.6Mb
Flavors: r-release-macos-arm64, r-release-macos-x86_64, r-oldrel-macos-arm64, r-oldrel-macos-x86_64