Last updated on 2024-06-15 11:50:09 CEST.
Flavor | Version | Tinstall | Tcheck | Ttotal | Status | Flags |
---|---|---|---|---|---|---|
r-devel-linux-x86_64-debian-clang | 1.0 | 4.99 | 50.11 | 55.10 | NOTE | |
r-devel-linux-x86_64-debian-gcc | 1.0 | 4.55 | 37.43 | 41.98 | NOTE | |
r-devel-linux-x86_64-fedora-clang | 1.0 | 68.59 | NOTE | |||
r-devel-linux-x86_64-fedora-gcc | 1.0 | 65.17 | NOTE | |||
r-devel-windows-x86_64 | 1.0 | 5.00 | 55.00 | 60.00 | NOTE | |
r-patched-linux-x86_64 | 1.0 | 5.40 | 46.72 | 52.12 | NOTE | |
r-release-linux-x86_64 | 1.0 | 3.70 | 46.84 | 50.54 | NOTE | |
r-release-macos-arm64 | 1.0 | 23.00 | NOTE | |||
r-release-macos-x86_64 | 1.0 | 39.00 | NOTE | |||
r-release-windows-x86_64 | 1.0 | 6.00 | 55.00 | 61.00 | NOTE | |
r-oldrel-macos-arm64 | 1.0 | 27.00 | NOTE | |||
r-oldrel-macos-x86_64 | 1.0 | 36.00 | NOTE | |||
r-oldrel-windows-x86_64 | 1.0 | 5.00 | 59.00 | 64.00 | NOTE |
Version: 1.0
Check: Rd files
Result: NOTE
checkRd: (-1) Predict_kernel_Ridge_MM.Rd:45: Lost braces; missing escapes or markup?
45 | and alpha_train is the BLUP of alpha for the model, i.e. alpha_train=Cov(alpha,Y_train)*Var(Y_train)^{-1}*(Y_train - E[Y_train]) }
| ^
Flavors: r-devel-linux-x86_64-debian-clang, r-devel-linux-x86_64-debian-gcc, r-devel-linux-x86_64-fedora-clang, r-devel-linux-x86_64-fedora-gcc, r-devel-windows-x86_64, r-patched-linux-x86_64, r-release-linux-x86_64, r-release-macos-arm64, r-release-macos-x86_64, r-release-windows-x86_64
Version: 1.0
Check: LazyData
Result: NOTE
'LazyData' is specified without a 'data' directory
Flavors: r-devel-linux-x86_64-debian-clang, r-devel-linux-x86_64-debian-gcc, r-devel-linux-x86_64-fedora-clang, r-devel-linux-x86_64-fedora-gcc, r-devel-windows-x86_64, r-patched-linux-x86_64, r-release-linux-x86_64, r-release-macos-arm64, r-release-macos-x86_64, r-release-windows-x86_64, r-oldrel-macos-arm64, r-oldrel-macos-x86_64, r-oldrel-windows-x86_64