Last updated on 2024-06-08 09:49:14 CEST.
Flavor | Version | Tinstall | Tcheck | Ttotal | Status | Flags |
---|---|---|---|---|---|---|
r-devel-linux-x86_64-debian-clang | 1.0.2 | 11.14 | 305.14 | 316.28 | OK | |
r-devel-linux-x86_64-debian-gcc | 1.0.2 | 8.33 | 223.35 | 231.68 | OK | |
r-devel-linux-x86_64-fedora-clang | 1.0.2 | 416.30 | OK | |||
r-devel-linux-x86_64-fedora-gcc | 1.0.2 | 376.85 | OK | |||
r-devel-windows-x86_64 | 1.0.2 | 40.00 | 226.00 | 266.00 | OK | |
r-patched-linux-x86_64 | 1.0.2 | 10.10 | 285.27 | 295.37 | OK | |
r-release-linux-x86_64 | 1.0.2 | 6.49 | 286.36 | 292.85 | OK | |
r-release-macos-arm64 | 1.0.2 | 134.00 | OK | |||
r-release-macos-x86_64 | 1.0.2 | 232.00 | OK | |||
r-release-windows-x86_64 | 1.0.2 | 43.00 | 231.00 | 274.00 | OK | |
r-oldrel-macos-arm64 | 1.0.2 | 48.00 | NOTE | |||
r-oldrel-macos-x86_64 | 1.0.2 | 82.00 | NOTE | |||
r-oldrel-windows-x86_64 | 1.0.2 | 53.00 | 291.00 | 344.00 | OK |
Version: 1.0.2
Check: package dependencies
Result: NOTE
Packages suggested but not available for checking: 'xcms', 'MSnbase'
Flavors: r-oldrel-macos-arm64, r-oldrel-macos-x86_64