Last updated on 2024-06-07 21:51:43 CEST.
Flavor | Version | Tinstall | Tcheck | Ttotal | Status | Flags |
---|---|---|---|---|---|---|
r-devel-linux-x86_64-debian-clang | 1.10 | 10.34 | 82.20 | 92.54 | NOTE | |
r-devel-linux-x86_64-debian-gcc | 1.10 | 7.49 | 63.70 | 71.19 | NOTE | |
r-devel-linux-x86_64-fedora-clang | 1.10 | 113.56 | NOTE | |||
r-devel-linux-x86_64-fedora-gcc | 1.10 | 120.97 | NOTE | |||
r-devel-windows-x86_64 | 1.10 | 10.00 | 79.00 | 89.00 | NOTE | |
r-patched-linux-x86_64 | 1.10 | 5.48 | 81.41 | 86.89 | NOTE | |
r-release-linux-x86_64 | 1.10 | 6.18 | 79.55 | 85.73 | NOTE | |
r-release-macos-arm64 | 1.10 | 41.00 | NOTE | |||
r-release-macos-x86_64 | 1.10 | 62.00 | NOTE | |||
r-release-windows-x86_64 | 1.10 | 8.00 | 79.00 | 87.00 | NOTE | |
r-oldrel-macos-arm64 | 1.10 | 44.00 | NOTE | |||
r-oldrel-macos-x86_64 | 1.10 | 79.00 | NOTE | |||
r-oldrel-windows-x86_64 | 1.10 | 12.00 | 90.00 | 102.00 | NOTE |
Version: 1.10
Check: LazyData
Result: NOTE
'LazyData' is specified without a 'data' directory
Flavors: r-devel-linux-x86_64-debian-clang, r-devel-linux-x86_64-debian-gcc, r-devel-linux-x86_64-fedora-clang, r-devel-linux-x86_64-fedora-gcc, r-devel-windows-x86_64, r-patched-linux-x86_64, r-release-linux-x86_64, r-release-macos-arm64, r-release-macos-x86_64, r-release-windows-x86_64, r-oldrel-macos-arm64, r-oldrel-macos-x86_64, r-oldrel-windows-x86_64
Version: 1.10
Check: dependencies in R code
Result: NOTE
Namespaces in Imports field not imported from:
‘devtools’ ‘reticulate’ ‘tensorflow’
All declared Imports should be used.
Flavors: r-devel-linux-x86_64-fedora-clang, r-devel-linux-x86_64-fedora-gcc