Last updated on 2024-06-29 11:49:15 CEST.
Flavor | Version | Tinstall | Tcheck | Ttotal | Status | Flags |
---|---|---|---|---|---|---|
r-devel-linux-x86_64-debian-clang | 1.0.0 | 91.51 | 180.74 | 272.25 | OK | |
r-devel-linux-x86_64-debian-gcc | 1.0.0 | 62.34 | 163.94 | 226.28 | OK | |
r-devel-linux-x86_64-fedora-clang | 1.0.0 | 398.20 | OK | |||
r-devel-linux-x86_64-fedora-gcc | 1.0.0 | 396.91 | OK | |||
r-devel-windows-x86_64 | 1.0.0 | 71.00 | 167.00 | 238.00 | OK | |
r-patched-linux-x86_64 | 1.0.0 | 68.83 | 202.19 | 271.02 | OK | |
r-release-linux-x86_64 | 1.0.0 | 78.60 | 202.08 | 280.68 | OK | |
r-release-macos-arm64 | 1.0.0 | 90.00 | NOTE | |||
r-release-macos-x86_64 | 1.0.0 | 167.00 | NOTE | |||
r-release-windows-x86_64 | 1.0.0 | 71.00 | 171.00 | 242.00 | OK | |
r-oldrel-macos-arm64 | 1.0.0 | 110.00 | NOTE | |||
r-oldrel-macos-x86_64 | 1.0.0 | 192.00 | NOTE | |||
r-oldrel-windows-x86_64 | 1.0.0 | 87.00 | 204.00 | 291.00 | OK |
Version: 1.0.0
Check: installed package size
Result: NOTE
installed size is 7.0Mb
sub-directories of 1Mb or more:
doc 2.8Mb
libs 3.5Mb
Flavors: r-release-macos-arm64, r-release-macos-x86_64, r-oldrel-macos-arm64, r-oldrel-macos-x86_64