Last updated on 2024-06-07 21:51:44 CEST.
Flavor | Version | Tinstall | Tcheck | Ttotal | Status | Flags |
---|---|---|---|---|---|---|
r-devel-linux-x86_64-debian-clang | 3.11.9 | 17.40 | 315.61 | 333.01 | NOTE | |
r-devel-linux-x86_64-debian-gcc | 3.11.9 | 17.68 | 223.91 | 241.59 | NOTE | |
r-devel-linux-x86_64-fedora-clang | 3.11.9 | 410.25 | NOTE | |||
r-devel-linux-x86_64-fedora-gcc | 3.11.9 | 401.51 | NOTE | |||
r-devel-windows-x86_64 | 3.11.9 | 20.00 | 279.00 | 299.00 | NOTE | |
r-patched-linux-x86_64 | 3.11.9 | 24.63 | 306.01 | 330.64 | NOTE | |
r-release-linux-x86_64 | 3.11.9 | 20.79 | 298.29 | 319.08 | NOTE | |
r-release-macos-arm64 | 3.11.9 | 105.00 | NOTE | |||
r-release-macos-x86_64 | 3.11.9 | 210.00 | NOTE | |||
r-release-windows-x86_64 | 3.11.9 | 20.00 | 282.00 | 302.00 | NOTE | |
r-oldrel-macos-arm64 | 3.11.9 | 120.00 | NOTE | |||
r-oldrel-macos-x86_64 | 3.11.9 | 311.00 | NOTE | |||
r-oldrel-windows-x86_64 | 3.11.9 | 26.00 | 338.00 | 364.00 | NOTE |
Version: 3.11.9
Check: package dependencies
Result: NOTE
Package suggested but not available for checking: ‘marssTMB’
Flavors: r-devel-linux-x86_64-debian-clang, r-devel-linux-x86_64-debian-gcc, r-devel-linux-x86_64-fedora-clang, r-devel-linux-x86_64-fedora-gcc, r-devel-windows-x86_64, r-patched-linux-x86_64, r-release-linux-x86_64, r-release-macos-arm64, r-release-macos-x86_64, r-release-windows-x86_64, r-oldrel-macos-arm64, r-oldrel-macos-x86_64, r-oldrel-windows-x86_64