Last updated on 2024-06-07 21:51:54 CEST.
Flavor | Version | Tinstall | Tcheck | Ttotal | Status | Flags |
---|---|---|---|---|---|---|
r-devel-linux-x86_64-debian-clang | 0.1.5 | 4.17 | 59.10 | 63.27 | OK | |
r-devel-linux-x86_64-debian-gcc | 0.1.5 | 3.13 | 43.78 | 46.91 | OK | |
r-devel-linux-x86_64-fedora-clang | 0.1.5 | 78.68 | NOTE | |||
r-devel-linux-x86_64-fedora-gcc | 0.1.5 | 73.24 | NOTE | |||
r-devel-windows-x86_64 | 0.1.5 | 5.00 | 73.00 | 78.00 | OK | |
r-patched-linux-x86_64 | 0.1.5 | 3.44 | 57.03 | 60.47 | OK | |
r-release-linux-x86_64 | 0.1.5 | 3.20 | 54.91 | 58.11 | OK | |
r-release-macos-arm64 | 0.1.5 | 25.00 | OK | |||
r-release-macos-x86_64 | 0.1.5 | 37.00 | OK | |||
r-release-windows-x86_64 | 0.1.5 | 4.00 | 76.00 | 80.00 | OK | |
r-oldrel-macos-arm64 | 0.1.5 | 25.00 | OK | |||
r-oldrel-macos-x86_64 | 0.1.5 | 41.00 | OK | |||
r-oldrel-windows-x86_64 | 0.1.5 | 5.00 | 83.00 | 88.00 | OK |
Version: 0.1.5
Check: dependencies in R code
Result: NOTE
Namespace in Imports field not imported from: ‘base’
All declared Imports should be used.
Flavors: r-devel-linux-x86_64-fedora-clang, r-devel-linux-x86_64-fedora-gcc