Last updated on 2024-06-07 21:51:54 CEST.
Flavor | Version | Tinstall | Tcheck | Ttotal | Status | Flags |
---|---|---|---|---|---|---|
r-devel-linux-x86_64-debian-clang | 2022.1.28 | 16.68 | 41.74 | 58.42 | OK | |
r-devel-linux-x86_64-debian-gcc | 2022.1.28 | 12.31 | 31.95 | 44.26 | OK | |
r-devel-linux-x86_64-fedora-clang | 2022.1.28 | 76.16 | NOTE | |||
r-devel-linux-x86_64-fedora-gcc | 2022.1.28 | 68.24 | NOTE | |||
r-devel-windows-x86_64 | 2022.1.28 | 15.00 | 61.00 | 76.00 | OK | |
r-patched-linux-x86_64 | 2022.1.28 | 24.02 | 41.45 | 65.47 | OK | |
r-release-linux-x86_64 | 2022.1.28 | 15.44 | 40.42 | 55.86 | OK | |
r-release-macos-arm64 | 2022.1.28 | 33.00 | OK | |||
r-release-macos-x86_64 | 2022.1.28 | 42.00 | OK | |||
r-release-windows-x86_64 | 2022.1.28 | 14.00 | 71.00 | 85.00 | OK | |
r-oldrel-macos-arm64 | 2022.1.28 | 38.00 | OK | |||
r-oldrel-macos-x86_64 | 2022.1.28 | 46.00 | OK | |||
r-oldrel-windows-x86_64 | 2022.1.28 | 20.00 | 68.00 | 88.00 | OK |
Version: 2022.1.28
Check: data for non-ASCII characters
Result: NOTE
Note: found 167 marked UTF-8 strings
Flavors: r-devel-linux-x86_64-fedora-clang, r-devel-linux-x86_64-fedora-gcc