Last updated on 2024-06-07 21:51:57 CEST.
Flavor | Version | Tinstall | Tcheck | Ttotal | Status | Flags |
---|---|---|---|---|---|---|
r-devel-linux-x86_64-debian-clang | 0.0.3 | 13.14 | 118.74 | 131.88 | OK | |
r-devel-linux-x86_64-debian-gcc | 0.0.3 | 11.60 | 89.09 | 100.69 | OK | |
r-devel-linux-x86_64-fedora-clang | 0.0.3 | 177.99 | NOTE | |||
r-devel-linux-x86_64-fedora-gcc | 0.0.3 | 156.35 | NOTE | |||
r-devel-windows-x86_64 | 0.0.3 | 13.00 | 98.00 | 111.00 | OK | |
r-patched-linux-x86_64 | 0.0.3 | 16.97 | 116.46 | 133.43 | OK | |
r-release-linux-x86_64 | 0.0.3 | 11.28 | 116.66 | 127.94 | OK | |
r-release-macos-arm64 | 0.0.3 | 51.00 | OK | |||
r-release-macos-x86_64 | 0.0.3 | 78.00 | OK | |||
r-release-windows-x86_64 | 0.0.3 | 14.00 | 98.00 | 112.00 | OK | |
r-oldrel-macos-arm64 | 0.0.3 | 75.00 | OK | |||
r-oldrel-macos-x86_64 | 0.0.3 | 113.00 | OK | |||
r-oldrel-windows-x86_64 | 0.0.3 | 16.00 | 118.00 | 134.00 | OK |
Version: 0.0.3
Check: dependencies in R code
Result: NOTE
Namespace in Imports field not imported from: ‘progressr’
All declared Imports should be used.
Flavors: r-devel-linux-x86_64-fedora-clang, r-devel-linux-x86_64-fedora-gcc