Last updated on 2024-06-08 09:49:17 CEST.
Flavor | Version | Tinstall | Tcheck | Ttotal | Status | Flags |
---|---|---|---|---|---|---|
r-devel-linux-x86_64-debian-clang | 1.0.1 | 38.28 | 75.95 | 114.23 | NOTE | |
r-devel-linux-x86_64-debian-gcc | 1.0.1 | 25.08 | 56.60 | 81.68 | NOTE | |
r-devel-linux-x86_64-fedora-clang | 1.0.1 | 160.01 | NOTE | |||
r-devel-linux-x86_64-fedora-gcc | 1.0.1 | 149.30 | NOTE | |||
r-devel-windows-x86_64 | 1.0.1 | 32.00 | 92.00 | 124.00 | NOTE | |
r-patched-linux-x86_64 | 1.0.1 | 33.05 | 73.18 | 106.23 | NOTE | |
r-release-linux-x86_64 | 1.0.1 | 35.21 | 71.65 | 106.86 | NOTE | |
r-release-macos-arm64 | 1.0.1 | 45.00 | NOTE | |||
r-release-macos-x86_64 | 1.0.1 | 75.00 | NOTE | |||
r-release-windows-x86_64 | 1.0.1 | 34.00 | 95.00 | 129.00 | NOTE | |
r-oldrel-macos-arm64 | 1.0.1 | 46.00 | NOTE | |||
r-oldrel-macos-x86_64 | 1.0.1 | 71.00 | NOTE | |||
r-oldrel-windows-x86_64 | 1.0.1 | 39.00 | 116.00 | 155.00 | NOTE |
Version: 1.0.1
Check: C++ specification
Result: NOTE
Specified C++11: please drop specification unless essential
Flavors: r-devel-linux-x86_64-debian-clang, r-devel-linux-x86_64-debian-gcc, r-devel-linux-x86_64-fedora-clang, r-devel-linux-x86_64-fedora-gcc, r-devel-windows-x86_64, r-patched-linux-x86_64, r-release-linux-x86_64, r-release-macos-arm64, r-release-macos-x86_64, r-release-windows-x86_64, r-oldrel-macos-arm64, r-oldrel-macos-x86_64, r-oldrel-windows-x86_64
Version: 1.0.1
Check: compiled code
Result: NOTE
File ‘PenCoxFrail/libs/PenCoxFrail.so’:
Found no calls to: ‘R_registerRoutines’, ‘R_useDynamicSymbols’
It is good practice to register native routines and to disable symbol
search.
See ‘Writing portable packages’ in the ‘Writing R Extensions’ manual.
Flavors: r-devel-linux-x86_64-fedora-clang, r-devel-linux-x86_64-fedora-gcc