Last updated on 2024-08-16 09:49:12 CEST.
Flavor | Version | Tinstall | Tcheck | Ttotal | Status | Flags |
---|---|---|---|---|---|---|
r-devel-linux-x86_64-debian-clang | 1.7.1 | 33.46 | 41.72 | 75.18 | OK | |
r-devel-linux-x86_64-debian-gcc | 1.7.1 | 24.78 | 31.18 | 55.96 | OK | |
r-devel-linux-x86_64-fedora-clang | 1.7.1 | 121.72 | NOTE | |||
r-devel-linux-x86_64-fedora-gcc | 1.7.1 | 116.31 | NOTE | |||
r-devel-windows-x86_64 | 1.7.1 | 33.00 | 61.00 | 94.00 | OK | |
r-patched-linux-x86_64 | 1.7.1 | 34.19 | 39.15 | 73.34 | OK | |
r-release-linux-x86_64 | 1.7.1 | 30.41 | 40.03 | 70.44 | OK | |
r-release-macos-arm64 | 1.7.1 | 49.00 | OK | |||
r-release-macos-x86_64 | 1.7.1 | 61.00 | OK | |||
r-release-windows-x86_64 | 1.7.1 | 33.00 | 61.00 | 94.00 | OK | |
r-oldrel-macos-arm64 | 1.7.1 | 52.00 | OK | |||
r-oldrel-macos-x86_64 | 1.7.1 | 78.00 | OK | |||
r-oldrel-windows-x86_64 | 1.7.1 | 42.00 | 70.00 | 112.00 | OK |
Version: 1.7.1
Check: data for non-ASCII characters
Result: NOTE
Note: found 7256 marked UTF-8 strings
Flavors: r-devel-linux-x86_64-fedora-clang, r-devel-linux-x86_64-fedora-gcc