Last updated on 2024-06-29 11:49:23 CEST.
Flavor | Version | Tinstall | Tcheck | Ttotal | Status | Flags |
---|---|---|---|---|---|---|
r-devel-linux-x86_64-debian-clang | 1.0.0 | 190.94 | 635.58 | 826.52 | OK | |
r-devel-linux-x86_64-debian-gcc | 1.0.0 | 124.87 | 445.19 | 570.06 | OK | |
r-devel-linux-x86_64-fedora-clang | 1.0.0 | 1136.37 | OK | |||
r-devel-linux-x86_64-fedora-gcc | 1.0.0 | 1068.63 | OK | |||
r-devel-windows-x86_64 | 1.0.0 | 142.00 | 411.00 | 553.00 | OK | |
r-patched-linux-x86_64 | 1.0.0 | 109.09 | 602.22 | 711.31 | OK | |
r-release-linux-x86_64 | 1.0.0 | 113.49 | 606.12 | 719.61 | OK | |
r-release-macos-arm64 | 1.0.0 | 228.00 | NOTE | |||
r-release-macos-x86_64 | 1.0.0 | 338.00 | NOTE | |||
r-release-windows-x86_64 | 1.0.0 | 140.00 | 422.00 | 562.00 | OK | |
r-oldrel-macos-arm64 | 1.0.0 | 256.00 | NOTE | |||
r-oldrel-macos-x86_64 | 1.0.0 | 454.00 | NOTE | |||
r-oldrel-windows-x86_64 | 1.0.0 | 179.00 | 552.00 | 731.00 | OK |
Version: 1.0.0
Check: installed package size
Result: NOTE
installed size is 5.9Mb
sub-directories of 1Mb or more:
external 1.6Mb
libs 3.8Mb
Flavors: r-release-macos-arm64, r-release-macos-x86_64, r-oldrel-macos-arm64, r-oldrel-macos-x86_64