Last updated on 2024-06-15 11:50:17 CEST.
Flavor | Version | Tinstall | Tcheck | Ttotal | Status | Flags |
---|---|---|---|---|---|---|
r-devel-linux-x86_64-debian-clang | 0.9-83-7 | 19.96 | 142.17 | 162.13 | NOTE | |
r-devel-linux-x86_64-debian-gcc | 0.9-83-7 | 14.28 | 102.76 | 117.04 | NOTE | |
r-devel-linux-x86_64-fedora-clang | 0.9-83-7 | 206.21 | NOTE | |||
r-devel-linux-x86_64-fedora-gcc | 0.9-83-7 | 194.43 | NOTE | |||
r-devel-windows-x86_64 | 0.9-83-7 | 19.00 | 144.00 | 163.00 | NOTE | |
r-patched-linux-x86_64 | 0.9-83-7 | 31.06 | 138.32 | 169.38 | NOTE | |
r-release-linux-x86_64 | 0.9-83-7 | 15.87 | 141.72 | 157.59 | NOTE | |
r-release-macos-arm64 | 0.9-83-7 | 50.00 | NOTE | |||
r-release-macos-x86_64 | 0.9-83-7 | 77.00 | NOTE | |||
r-release-windows-x86_64 | 0.9-83-7 | 19.00 | 142.00 | 161.00 | NOTE | |
r-oldrel-macos-arm64 | 0.9-83-7 | 50.00 | NOTE | |||
r-oldrel-macos-x86_64 | 0.9-83-7 | 149.00 | NOTE | |||
r-oldrel-windows-x86_64 | 0.9-83-7 | 24.00 | 175.00 | 199.00 | WARN |
Version: 0.9-83-7
Check: package dependencies
Result: NOTE
Package which this enhances but not available for checking: ‘glmmADMB’
Flavors: r-devel-linux-x86_64-debian-clang, r-devel-linux-x86_64-debian-gcc, r-devel-linux-x86_64-fedora-clang, r-devel-linux-x86_64-fedora-gcc, r-devel-windows-x86_64, r-patched-linux-x86_64, r-release-linux-x86_64, r-release-macos-arm64, r-release-macos-x86_64, r-release-windows-x86_64, r-oldrel-macos-arm64, r-oldrel-macos-x86_64, r-oldrel-windows-x86_64
Version: 0.9-83-7
Check: examples
Result: WARN
Found the following significant warnings:
Warning: 'adonis' is deprecated.
Warning: 'adonis' is deprecated.
Warning: 'vegan::adonis' is deprecated.
Warning: 'vegan::adonis' is deprecated.
Warning: 'vegan::adonis' is deprecated.
Warning: 'vegan::adonis' is deprecated.
Warning: 'vegan::adonis' is deprecated.
Warning: 'vegan::adonis' is deprecated.
Warning: 'vegan::adonis' is deprecated.
Warning: 'vegan::adonis' is deprecated.
Warning: 'adonis' is deprecated.
Deprecated functions may be defunct as soon as of the next release of
R.
See ?Deprecated.
Flavor: r-oldrel-windows-x86_64