Last updated on 2024-06-08 09:49:18 CEST.
Flavor | Version | Tinstall | Tcheck | Ttotal | Status | Flags |
---|---|---|---|---|---|---|
r-devel-linux-x86_64-debian-clang | 0.0-2 | 27.79 | 179.30 | 207.09 | NOTE | |
r-devel-linux-x86_64-debian-gcc | 0.0-2 | 21.16 | 129.95 | 151.11 | NOTE | |
r-devel-linux-x86_64-fedora-clang | 0.0-2 | 265.29 | NOTE | |||
r-devel-linux-x86_64-fedora-gcc | 0.0-2 | 259.49 | NOTE | |||
r-devel-windows-x86_64 | 0.0-2 | 39.00 | 292.00 | 331.00 | NOTE | |
r-patched-linux-x86_64 | 0.0-2 | 25.67 | 170.31 | 195.98 | NOTE | |
r-release-linux-x86_64 | 0.0-2 | 25.28 | 171.47 | 196.75 | NOTE | |
r-release-macos-arm64 | 0.0-2 | 87.00 | NOTE | |||
r-release-macos-x86_64 | 0.0-2 | 113.00 | NOTE | |||
r-release-windows-x86_64 | 0.0-2 | 26.00 | 234.00 | 260.00 | NOTE | |
r-oldrel-macos-arm64 | 0.0-2 | 68.00 | NOTE | |||
r-oldrel-macos-x86_64 | 0.0-2 | 117.00 | NOTE | |||
r-oldrel-windows-x86_64 | 0.0-2 | 25.00 | 163.00 | 188.00 | NOTE |
Version: 0.0-2
Check: Rd files
Result: NOTE
checkRd: (-1) RcmdrPlugin.MA-package.Rd:21: Escaped LaTeX specials: \&
checkRd: (-1) RcmdrPlugin.MA-package.Rd:23: Escaped LaTeX specials: \&
Flavors: r-devel-linux-x86_64-debian-clang, r-devel-linux-x86_64-debian-gcc, r-devel-linux-x86_64-fedora-clang, r-devel-linux-x86_64-fedora-gcc, r-devel-windows-x86_64, r-patched-linux-x86_64, r-release-linux-x86_64, r-release-macos-arm64, r-release-macos-x86_64, r-release-windows-x86_64, r-oldrel-macos-arm64, r-oldrel-macos-x86_64, r-oldrel-windows-x86_64