Last updated on 2024-06-29 11:49:22 CEST.
Flavor | Version | Tinstall | Tcheck | Ttotal | Status | Flags |
---|---|---|---|---|---|---|
r-devel-linux-x86_64-debian-clang | 0.12.8.4.0 | 45.57 | 330.92 | 376.49 | OK | |
r-devel-linux-x86_64-debian-gcc | 0.12.8.4.0 | 30.26 | 202.79 | 233.05 | OK | |
r-devel-linux-x86_64-fedora-clang | 0.12.8.4.0 | 460.30 | NOTE | |||
r-devel-linux-x86_64-fedora-gcc | 0.12.8.4.0 | 541.45 | OK | |||
r-devel-windows-x86_64 | 0.12.8.4.0 | 52.00 | 289.00 | 341.00 | NOTE | |
r-patched-linux-x86_64 | 0.12.8.4.0 | 37.02 | 282.92 | 319.94 | OK | |
r-release-linux-x86_64 | 0.12.8.4.0 | 42.45 | 277.25 | 319.70 | OK | |
r-release-macos-arm64 | 0.12.8.4.0 | 110.00 | NOTE | |||
r-release-macos-x86_64 | 0.12.8.4.0 | 258.00 | NOTE | |||
r-release-windows-x86_64 | 0.12.8.4.0 | 51.00 | 306.00 | 357.00 | NOTE | |
r-oldrel-macos-arm64 | 0.12.8.4.0 | 116.00 | NOTE | |||
r-oldrel-macos-x86_64 | 0.12.8.4.0 | 350.00 | NOTE | |||
r-oldrel-windows-x86_64 | 0.12.8.4.0 | 56.00 | 330.00 | 386.00 | NOTE |
Version: 0.12.8.4.0
Check: installed package size
Result: NOTE
installed size is 7.6Mb
sub-directories of 1Mb or more:
include 6.5Mb
Flavors: r-devel-linux-x86_64-fedora-clang, r-devel-windows-x86_64, r-release-macos-arm64, r-release-macos-x86_64, r-release-windows-x86_64, r-oldrel-macos-arm64, r-oldrel-macos-x86_64, r-oldrel-windows-x86_64