Last updated on 2024-06-07 21:51:58 CEST.
Flavor | Version | Tinstall | Tcheck | Ttotal | Status | Flags |
---|---|---|---|---|---|---|
r-devel-linux-x86_64-debian-clang | 0.2-1 | 1155.48 | 225.79 | 1381.27 | NOTE | |
r-devel-linux-x86_64-debian-gcc | 0.2-1 | 923.93 | 228.17 | 1152.10 | NOTE | |
r-devel-linux-x86_64-fedora-clang | 0.2-1 | 1621.28 | NOTE | |||
r-devel-linux-x86_64-fedora-gcc | 0.2-1 | 2383.60 | NOTE | |||
r-devel-windows-x86_64 | 0.2-1 | 806.00 | 249.00 | 1055.00 | NOTE | |
r-patched-linux-x86_64 | 0.2-1 | 760.74 | 292.80 | 1053.54 | NOTE | |
r-release-linux-x86_64 | 0.2-1 | 0.01 | 2.89 | 2.90 | ERROR | |
r-release-macos-arm64 | 0.2-1 | 505.00 | NOTE | |||
r-release-macos-x86_64 | 0.2-1 | 492.00 | NOTE | |||
r-release-windows-x86_64 | 0.2-1 | 798.00 | 257.00 | 1055.00 | NOTE | |
r-oldrel-macos-arm64 | 0.2-1 | 554.00 | NOTE | |||
r-oldrel-macos-x86_64 | 0.2-1 | 654.00 | NOTE | |||
r-oldrel-windows-x86_64 | 0.2-1 | 1046.00 | 305.00 | 1351.00 | NOTE |
Version: 0.2-1
Check: for GNU extensions in Makefiles
Result: NOTE
GNU make is a SystemRequirements.
Flavors: r-devel-linux-x86_64-debian-clang, r-devel-linux-x86_64-debian-gcc, r-devel-linux-x86_64-fedora-clang, r-devel-linux-x86_64-fedora-gcc, r-devel-windows-x86_64, r-patched-linux-x86_64, r-release-macos-arm64, r-release-macos-x86_64, r-release-windows-x86_64, r-oldrel-macos-arm64, r-oldrel-macos-x86_64, r-oldrel-windows-x86_64
Version: 0.2-1
Check: installed package size
Result: NOTE
installed size is 10.4Mb
sub-directories of 1Mb or more:
libs 9.6Mb
Flavors: r-devel-linux-x86_64-fedora-clang, r-devel-windows-x86_64, r-release-macos-arm64, r-release-macos-x86_64, r-release-windows-x86_64, r-oldrel-macos-arm64, r-oldrel-macos-x86_64, r-oldrel-windows-x86_64
Version: 0.2-1
Check: whether package can be installed
Result: ERROR
Installation failed.
Flavor: r-release-linux-x86_64