Last updated on 2024-06-07 21:51:58 CEST.
Flavor | Version | Tinstall | Tcheck | Ttotal | Status | Flags |
---|---|---|---|---|---|---|
r-devel-linux-x86_64-debian-clang | 0.0.3 | 6.62 | 55.13 | 61.75 | OK | |
r-devel-linux-x86_64-debian-gcc | 0.0.3 | 5.24 | 41.23 | 46.47 | OK | |
r-devel-linux-x86_64-fedora-clang | 0.0.3 | 79.43 | NOTE | |||
r-devel-linux-x86_64-fedora-gcc | 0.0.3 | 74.00 | NOTE | |||
r-devel-windows-x86_64 | 0.0.3 | 7.00 | 59.00 | 66.00 | OK | |
r-patched-linux-x86_64 | 0.0.3 | 5.76 | 51.44 | 57.20 | OK | |
r-release-linux-x86_64 | 0.0.3 | 4.15 | 52.84 | 56.99 | OK | |
r-release-macos-arm64 | 0.0.3 | 25.00 | OK | |||
r-release-macos-x86_64 | 0.0.3 | 70.00 | OK | |||
r-release-windows-x86_64 | 0.0.3 | 6.00 | 58.00 | 64.00 | OK | |
r-oldrel-macos-arm64 | 0.0.3 | 25.00 | OK | |||
r-oldrel-macos-x86_64 | 0.0.3 | 38.00 | OK | |||
r-oldrel-windows-x86_64 | 0.0.3 | 8.00 | 65.00 | 73.00 | OK |
Version: 0.0.3
Check: dependencies in R code
Result: NOTE
Namespace in Imports field not imported from: ‘reshape2’
All declared Imports should be used.
Flavors: r-devel-linux-x86_64-fedora-clang, r-devel-linux-x86_64-fedora-gcc