Last updated on 2024-06-29 11:49:24 CEST.
Flavor | Version | Tinstall | Tcheck | Ttotal | Status | Flags |
---|---|---|---|---|---|---|
r-devel-linux-x86_64-debian-clang | 2.1.0 | 65.91 | 585.13 | 651.04 | NOTE | |
r-devel-linux-x86_64-debian-gcc | 2.1.0 | 53.56 | 433.25 | 486.81 | NOTE | |
r-devel-linux-x86_64-fedora-clang | 2.1.0 | 733.27 | NOTE | |||
r-devel-linux-x86_64-fedora-gcc | 2.1.0 | 818.67 | NOTE | |||
r-devel-windows-x86_64 | 2.1.0 | 52.00 | 474.00 | 526.00 | NOTE | |
r-patched-linux-x86_64 | 2.1.0 | 65.66 | 561.98 | 627.64 | NOTE | |
r-release-linux-x86_64 | 2.1.0 | 62.43 | 569.31 | 631.74 | NOTE | |
r-release-macos-arm64 | 2.1.0 | 192.00 | NOTE | |||
r-release-macos-x86_64 | 2.1.0 | 406.00 | NOTE | |||
r-release-windows-x86_64 | 2.1.0 | 53.00 | 433.00 | 486.00 | NOTE | |
r-oldrel-macos-arm64 | 2.1.0 | 221.00 | ERROR | |||
r-oldrel-macos-x86_64 | 2.1.0 | 419.00 | ERROR | |||
r-oldrel-windows-x86_64 | 2.1.0 | 70.00 | 573.00 | 643.00 | NOTE |
Version: 2.1.0
Check: package dependencies
Result: NOTE
Package suggested but not available for checking: ‘NLMR’
Flavors: r-devel-linux-x86_64-debian-clang, r-devel-linux-x86_64-debian-gcc, r-devel-linux-x86_64-fedora-clang, r-devel-linux-x86_64-fedora-gcc, r-devel-windows-x86_64, r-patched-linux-x86_64, r-release-linux-x86_64, r-release-macos-arm64, r-release-macos-x86_64, r-release-windows-x86_64, r-oldrel-macos-arm64, r-oldrel-macos-x86_64, r-oldrel-windows-x86_64
Version: 2.1.0
Check: installed package size
Result: NOTE
installed size is 6.7Mb
sub-directories of 1Mb or more:
R 5.0Mb
Flavors: r-devel-linux-x86_64-fedora-clang, r-devel-windows-x86_64, r-release-macos-arm64, r-release-macos-x86_64, r-release-windows-x86_64, r-oldrel-macos-arm64, r-oldrel-macos-x86_64, r-oldrel-windows-x86_64
Version: 2.1.0
Check: running R code from vignettes
Result: ERROR
Errors in running code in vignettes:
when running code in ‘ii-modules.Rmd’
...
restartSpades()
The initial state of the last1events are cached and savedin the simList located at savedSimEnv()$.sim,as sim$.recoverableObjs, with the most recent eventthe first element in the list, 2nd most recent event = the second most recent event, etc. The objects contained in each of those are only the objects that may havechanged, according to the metadata for each module. To recover, use:cli-92167-1
Because of an interrupted spades call, the sim object at the start of the interrupted event was saved in
SpaDES.core:::savedSimEnv()$.sim
It will be deleted on next call to spades().
When sourcing ‘ii-modules.R’:
Error: Package 'NLMR' not available. Please install it using:
install.packages('NLMR', repos = 'https://predictiveecology.r-universe.dev')
Execution halted
when running code in ‘iii-cache.Rmd’
...
The initial state of the last1events are cached and savedin the simList located at savedSimEnv()$.sim,as sim$.recoverableObjs, with the most recent eventthe first element in the list, 2nd most recent event = the second most recent event, etc. The objects contained in each of those are only the objects that may havechanged, according to the metadata for each module. To recover, use:cli-92167-1
Because of an interrupted spades call, the sim object at the start of the interrupted event was saved in
SpaDES.core:::savedSimEnv()$.sim
It will be deleted on next call to spades().
Timing stopped at: 0.184 0.016 0.278
When sourcing ‘iii-cache.R’:
Error: Package 'NLMR' not available. Please install it using:
install.packages('NLMR', repos = 'https://predictiveecology.r-universe.dev')
Execution halted
‘i-introduction.Rmd’ using ‘UTF-8’... [2s/3s] OK
‘ii-modules.Rmd’ using ‘UTF-8’... failed
‘iii-cache.Rmd’ using ‘UTF-8’... failed
‘iv-advanced.Rmd’ using ‘UTF-8’... [0s/0s] OK
‘v-automated-testing.Rmd’ using ‘UTF-8’... [0s/0s] OK
Flavor: r-oldrel-macos-arm64
Version: 2.1.0
Check: running R code from vignettes
Result: ERROR
Errors in running code in vignettes:
when running code in ‘ii-modules.Rmd’
...
restartSpades()
The initial state of the last1events are cached and savedin the simList located at savedSimEnv()$.sim,as sim$.recoverableObjs, with the most recent eventthe first element in the list, 2nd most recent event = the second most recent event, etc. The objects contained in each of those are only the objects that may havechanged, according to the metadata for each module. To recover, use:cli-98058-1
Because of an interrupted spades call, the sim object at the start of the interrupted event was saved in
SpaDES.core:::savedSimEnv()$.sim
It will be deleted on next call to spades().
When sourcing ‘ii-modules.R’:
Error: Package 'NLMR' not available. Please install it using:
install.packages('NLMR', repos = 'https://predictiveecology.r-universe.dev')
Execution halted
when running code in ‘iii-cache.Rmd’
...
The initial state of the last1events are cached and savedin the simList located at savedSimEnv()$.sim,as sim$.recoverableObjs, with the most recent eventthe first element in the list, 2nd most recent event = the second most recent event, etc. The objects contained in each of those are only the objects that may havechanged, according to the metadata for each module. To recover, use:cli-98058-1
Because of an interrupted spades call, the sim object at the start of the interrupted event was saved in
SpaDES.core:::savedSimEnv()$.sim
It will be deleted on next call to spades().
Timing stopped at: 0.331 0.031 0.496
When sourcing ‘iii-cache.R’:
Error: Package 'NLMR' not available. Please install it using:
install.packages('NLMR', repos = 'https://predictiveecology.r-universe.dev')
Execution halted
‘i-introduction.Rmd’ using ‘UTF-8’... [4s/6s] OK
‘ii-modules.Rmd’ using ‘UTF-8’... failed
‘iii-cache.Rmd’ using ‘UTF-8’... failed
‘iv-advanced.Rmd’ using ‘UTF-8’... [0s/1s] OK
‘v-automated-testing.Rmd’ using ‘UTF-8’... [0s/1s] OK
Flavor: r-oldrel-macos-x86_64