Last updated on 2024-06-07 21:52:00 CEST.
Flavor | Version | Tinstall | Tcheck | Ttotal | Status | Flags |
---|---|---|---|---|---|---|
r-devel-linux-x86_64-debian-clang | 0.1.0 | 3.71 | 54.27 | 57.98 | NOTE | |
r-devel-linux-x86_64-debian-gcc | 0.1.0 | 4.62 | 40.91 | 45.53 | NOTE | |
r-devel-linux-x86_64-fedora-clang | 0.1.0 | 74.17 | OK | |||
r-devel-linux-x86_64-fedora-gcc | 0.1.0 | 73.13 | OK | |||
r-devel-windows-x86_64 | 0.1.0 | 5.00 | 60.00 | 65.00 | OK | |
r-patched-linux-x86_64 | 0.1.0 | 5.92 | 51.26 | 57.18 | NOTE | |
r-release-linux-x86_64 | 0.1.0 | 5.37 | 50.95 | 56.32 | NOTE | |
r-release-macos-arm64 | 0.1.0 | 26.00 | NOTE | |||
r-release-macos-x86_64 | 0.1.0 | 39.00 | NOTE | |||
r-release-windows-x86_64 | 0.1.0 | 6.00 | 60.00 | 66.00 | OK | |
r-oldrel-macos-arm64 | 0.1.0 | 33.00 | NOTE | |||
r-oldrel-macos-x86_64 | 0.1.0 | 45.00 | NOTE | |||
r-oldrel-windows-x86_64 | 0.1.0 | 7.00 | 67.00 | 74.00 | NOTE |
Version: 0.1.0
Check: package dependencies
Result: NOTE
Package suggested but not available for checking: ‘INLA’
Flavors: r-devel-linux-x86_64-debian-clang, r-devel-linux-x86_64-debian-gcc, r-patched-linux-x86_64, r-release-linux-x86_64, r-release-macos-arm64, r-release-macos-x86_64, r-oldrel-macos-arm64, r-oldrel-macos-x86_64, r-oldrel-windows-x86_64