Last updated on 2024-06-07 21:52:02 CEST.
Flavor | Version | Tinstall | Tcheck | Ttotal | Status | Flags |
---|---|---|---|---|---|---|
r-devel-linux-x86_64-debian-clang | 1.0.4 | 28.43 | 80.65 | 109.08 | OK | |
r-devel-linux-x86_64-debian-gcc | 1.0.4 | 25.92 | 65.06 | 90.98 | OK | |
r-devel-linux-x86_64-fedora-clang | 1.0.4 | 147.31 | OK | |||
r-devel-linux-x86_64-fedora-gcc | 1.0.4 | 156.49 | OK | |||
r-devel-windows-x86_64 | 1.0.4 | 32.00 | 239.00 | 271.00 | OK | |
r-patched-linux-x86_64 | 1.0.4 | 30.41 | 80.75 | 111.16 | OK | |
r-release-linux-x86_64 | 1.0.4 | 22.58 | 82.26 | 104.84 | OK | |
r-release-macos-arm64 | 1.0.4 | 69.00 | NOTE | |||
r-release-macos-x86_64 | 1.0.4 | 92.00 | NOTE | |||
r-release-windows-x86_64 | 1.0.4 | 30.00 | 244.00 | 274.00 | OK | |
r-oldrel-macos-arm64 | 1.0.4 | 70.00 | NOTE | |||
r-oldrel-macos-x86_64 | 1.0.4 | 101.00 | NOTE | |||
r-oldrel-windows-x86_64 | 1.0.4 | 37.00 | 242.00 | 279.00 | OK |
Version: 1.0.4
Check: installed package size
Result: NOTE
installed size is 5.3Mb
sub-directories of 1Mb or more:
data 5.1Mb
Flavors: r-release-macos-arm64, r-release-macos-x86_64, r-oldrel-macos-arm64, r-oldrel-macos-x86_64