Last updated on 2024-06-15 11:50:21 CEST.
Flavor | Version | Tinstall | Tcheck | Ttotal | Status | Flags |
---|---|---|---|---|---|---|
r-devel-linux-x86_64-debian-clang | 0.1.7 | 11.87 | 97.42 | 109.29 | OK | |
r-devel-linux-x86_64-debian-gcc | 0.1.7 | 6.31 | 67.65 | 73.96 | OK | |
r-devel-linux-x86_64-fedora-clang | 0.1.7 | 131.51 | NOTE | |||
r-devel-linux-x86_64-fedora-gcc | 0.1.7 | 145.93 | NOTE | |||
r-devel-windows-x86_64 | 0.1.7 | 10.00 | 95.00 | 105.00 | OK | |
r-patched-linux-x86_64 | 0.1.7 | 7.21 | 94.15 | 101.36 | OK | |
r-release-linux-x86_64 | 0.1.7 | 6.88 | 91.65 | 98.53 | OK | |
r-release-macos-arm64 | 0.1.7 | 41.00 | OK | |||
r-release-macos-x86_64 | 0.1.7 | 98.00 | OK | |||
r-release-windows-x86_64 | 0.1.7 | 11.00 | 171.00 | 182.00 | OK | |
r-oldrel-macos-arm64 | 0.1.7 | 41.00 | OK | |||
r-oldrel-macos-x86_64 | 0.1.7 | 98.00 | OK | |||
r-oldrel-windows-x86_64 | 0.1.7 | 12.00 | 114.00 | 126.00 | OK |
Version: 0.1.7
Check: dependencies in R code
Result: NOTE
Namespace in Imports field not imported from: ‘forecastHybrid’
All declared Imports should be used.
Flavors: r-devel-linux-x86_64-fedora-clang, r-devel-linux-x86_64-fedora-gcc