Last updated on 2024-06-15 11:50:21 CEST.
Flavor | Version | Tinstall | Tcheck | Ttotal | Status | Flags |
---|---|---|---|---|---|---|
r-devel-linux-x86_64-debian-clang | 0.1.0 | 11.52 | 116.63 | 128.15 | OK | |
r-devel-linux-x86_64-debian-gcc | 0.1.0 | 10.21 | 86.49 | 96.70 | OK | |
r-devel-linux-x86_64-fedora-clang | 0.1.0 | 166.81 | NOTE | |||
r-devel-linux-x86_64-fedora-gcc | 0.1.0 | 161.04 | NOTE | |||
r-devel-windows-x86_64 | 0.1.0 | 13.00 | 97.00 | 110.00 | OK | |
r-patched-linux-x86_64 | 0.1.0 | 11.93 | 111.50 | 123.43 | OK | |
r-release-linux-x86_64 | 0.1.0 | 13.47 | 112.14 | 125.61 | OK | |
r-release-macos-arm64 | 0.1.0 | 48.00 | OK | |||
r-release-macos-x86_64 | 0.1.0 | 76.00 | OK | |||
r-release-windows-x86_64 | 0.1.0 | 12.00 | 95.00 | 107.00 | OK | |
r-oldrel-macos-arm64 | 0.1.0 | 54.00 | OK | |||
r-oldrel-macos-x86_64 | 0.1.0 | 88.00 | OK | |||
r-oldrel-windows-x86_64 | 0.1.0 | 15.00 | 116.00 | 131.00 | OK |
Version: 0.1.0
Check: data for non-ASCII characters
Result: NOTE
Note: found 34 marked Latin-1 strings
Flavors: r-devel-linux-x86_64-fedora-clang, r-devel-linux-x86_64-fedora-gcc