Last updated on 2024-06-29 11:49:27 CEST.
Flavor | Version | Tinstall | Tcheck | Ttotal | Status | Flags |
---|---|---|---|---|---|---|
r-devel-linux-x86_64-debian-clang | 1.0.0 | 24.39 | 223.09 | 247.48 | OK | |
r-devel-linux-x86_64-debian-gcc | 1.0.0 | 20.23 | 166.91 | 187.14 | OK | |
r-devel-linux-x86_64-fedora-clang | 1.0.0 | 312.98 | NOTE | |||
r-devel-linux-x86_64-fedora-gcc | 1.0.0 | 302.73 | NOTE | |||
r-devel-windows-x86_64 | 1.0.0 | 24.00 | 170.00 | 194.00 | NOTE | |
r-patched-linux-x86_64 | 1.0.0 | 26.14 | 214.49 | 240.63 | OK | |
r-release-linux-x86_64 | 1.0.0 | 17.02 | 207.97 | 224.99 | OK | |
r-release-macos-arm64 | 1.0.0 | 92.00 | NOTE | |||
r-release-macos-x86_64 | 1.0.0 | 127.00 | NOTE | |||
r-release-windows-x86_64 | 1.0.0 | 24.00 | 168.00 | 192.00 | NOTE | |
r-oldrel-macos-arm64 | 1.0.0 | 102.00 | NOTE | |||
r-oldrel-macos-x86_64 | 1.0.0 | 236.00 | NOTE | |||
r-oldrel-windows-x86_64 | 1.0.0 | 30.00 | 304.00 | 334.00 | NOTE |
Version: 1.0.0
Check: package dependencies
Result: NOTE
Imports includes 38 non-default packages.
Importing from so many packages makes the package vulnerable to any of
them becoming unavailable. Move as many as possible to Suggests and
use conditionally.
Flavor: r-devel-linux-x86_64-fedora-clang
Version: 1.0.0
Check: installed package size
Result: NOTE
installed size is 5.4Mb
sub-directories of 1Mb or more:
R 1.8Mb
help 2.6Mb
Flavors: r-devel-linux-x86_64-fedora-clang, r-devel-windows-x86_64, r-release-macos-arm64, r-release-macos-x86_64, r-release-windows-x86_64, r-oldrel-macos-arm64, r-oldrel-macos-x86_64, r-oldrel-windows-x86_64
Version: 1.0.0
Check: data for non-ASCII characters
Result: NOTE
Note: found 312859 marked UTF-8 strings
Flavors: r-devel-linux-x86_64-fedora-clang, r-devel-linux-x86_64-fedora-gcc