Last updated on 2024-07-16 14:50:38 CEST.
Flavor | Version | Tinstall | Tcheck | Ttotal | Status | Flags |
---|---|---|---|---|---|---|
r-devel-linux-x86_64-debian-clang | 1.0 | 37.33 | 75.70 | 113.03 | NOTE | |
r-devel-linux-x86_64-debian-gcc | 1.0 | 27.13 | 57.15 | 84.28 | NOTE | |
r-devel-linux-x86_64-fedora-clang | 1.0 | 155.33 | NOTE | |||
r-devel-linux-x86_64-fedora-gcc | 1.0 | 145.06 | NOTE | |||
r-devel-windows-x86_64 | 1.0 | 33.00 | 94.00 | 127.00 | NOTE | |
r-patched-linux-x86_64 | 1.0 | 35.27 | 73.68 | 108.95 | NOTE | |
r-release-linux-x86_64 | 1.0 | 37.93 | 73.89 | 111.82 | NOTE | |
r-release-macos-arm64 | 1.0 | 39.00 | NOTE | |||
r-release-macos-x86_64 | 1.0 | 59.00 | NOTE | |||
r-release-windows-x86_64 | 1.0 | 33.00 | 93.00 | 126.00 | NOTE | |
r-oldrel-macos-arm64 | 1.0 | 48.00 | NOTE | |||
r-oldrel-macos-x86_64 | 1.0 | 70.00 | NOTE | |||
r-oldrel-windows-x86_64 | 1.0 | 42.00 | 110.00 | 152.00 | NOTE |
Version: 1.0
Check: C++ specification
Result: NOTE
Specified C++11: please drop specification unless essential
Flavors: r-devel-linux-x86_64-debian-clang, r-devel-linux-x86_64-debian-gcc, r-devel-linux-x86_64-fedora-clang, r-devel-linux-x86_64-fedora-gcc, r-devel-windows-x86_64, r-patched-linux-x86_64, r-release-linux-x86_64, r-release-macos-arm64, r-release-macos-x86_64, r-release-windows-x86_64, r-oldrel-macos-arm64, r-oldrel-macos-x86_64, r-oldrel-windows-x86_64