Last updated on 2024-06-29 11:49:27 CEST.
Flavor | Version | Tinstall | Tcheck | Ttotal | Status | Flags |
---|---|---|---|---|---|---|
r-devel-linux-x86_64-debian-clang | 0.2.1 | 462.80 | 478.15 | 940.95 | OK | |
r-devel-linux-x86_64-debian-gcc | 0.2.1 | 319.60 | 327.12 | 646.72 | OK | |
r-devel-linux-x86_64-fedora-clang | 0.2.1 | 1224.01 | OK | |||
r-devel-linux-x86_64-fedora-gcc | 0.2.1 | 1314.00 | OK | |||
r-devel-windows-x86_64 | 0.2.1 | 332.00 | 331.00 | 663.00 | OK | |
r-patched-linux-x86_64 | 0.2.1 | 396.73 | 466.99 | 863.72 | OK | |
r-release-linux-x86_64 | 0.2.1 | 296.85 | 461.50 | 758.35 | OK | |
r-release-macos-arm64 | 0.2.1 | 238.00 | NOTE | |||
r-release-macos-x86_64 | 0.2.1 | 301.00 | NOTE | |||
r-release-windows-x86_64 | 0.2.1 | 330.00 | 333.00 | 663.00 | OK | |
r-oldrel-macos-arm64 | 0.2.1 | 243.00 | NOTE | |||
r-oldrel-macos-x86_64 | 0.2.1 | 492.00 | NOTE | |||
r-oldrel-windows-x86_64 | 0.2.1 | 402.00 | 429.00 | 831.00 | OK |
Version: 0.2.1
Check: installed package size
Result: NOTE
installed size is 58.1Mb
sub-directories of 1Mb or more:
libs 57.2Mb
Flavors: r-release-macos-arm64, r-release-macos-x86_64, r-oldrel-macos-arm64, r-oldrel-macos-x86_64