Last updated on 2024-06-07 21:51:26 CEST.
Flavor | Version | Tinstall | Tcheck | Ttotal | Status | Flags |
---|---|---|---|---|---|---|
r-devel-linux-x86_64-debian-clang | 1.2.1 | 5.70 | 36.32 | 42.02 | NOTE | |
r-devel-linux-x86_64-debian-gcc | 1.2.1 | 3.59 | 27.72 | 31.31 | NOTE | |
r-devel-linux-x86_64-fedora-clang | 1.2.1 | 51.87 | NOTE | |||
r-devel-linux-x86_64-fedora-gcc | 1.2.1 | 50.83 | NOTE | |||
r-devel-windows-x86_64 | 1.2.1 | 8.00 | 57.00 | 65.00 | OK | |
r-patched-linux-x86_64 | 1.2.1 | 6.30 | 35.73 | 42.03 | NOTE | |
r-release-linux-x86_64 | 1.2.1 | 5.16 | 35.87 | 41.03 | NOTE | |
r-release-macos-arm64 | 1.2.1 | 22.00 | OK | |||
r-release-macos-x86_64 | 1.2.1 | 30.00 | OK | |||
r-release-windows-x86_64 | 1.2.1 | 7.00 | 56.00 | 63.00 | OK | |
r-oldrel-macos-arm64 | 1.2.1 | 23.00 | OK | |||
r-oldrel-macos-x86_64 | 1.2.1 | 29.00 | OK | |||
r-oldrel-windows-x86_64 | 1.2.1 | 7.00 | 60.00 | 67.00 | OK |
Version: 1.2.1
Check: for non-standard things in the check directory
Result: NOTE
Found the following files/directories:
‘stuve.pdf’
Flavors: r-devel-linux-x86_64-debian-clang, r-devel-linux-x86_64-debian-gcc, r-devel-linux-x86_64-fedora-clang, r-devel-linux-x86_64-fedora-gcc, r-patched-linux-x86_64, r-release-linux-x86_64