Last updated on 2024-06-16 00:13:58 CEST.
Flavor | Version | Tinstall | Tcheck | Ttotal | Status | Flags |
---|---|---|---|---|---|---|
r-devel-linux-x86_64-debian-clang | 0.1.0 | 6.02 | 72.72 | 78.74 | NOTE | |
r-devel-linux-x86_64-debian-gcc | 0.1.0 | 4.94 | 52.15 | 57.09 | NOTE | |
r-devel-linux-x86_64-fedora-clang | 0.1.0 | 96.38 | NOTE | |||
r-devel-linux-x86_64-fedora-gcc | 0.1.0 | 103.01 | NOTE | |||
r-devel-windows-x86_64 | 0.1.0 | 6.00 | 84.00 | 90.00 | NOTE | |
r-patched-linux-x86_64 | 0.1.0 | 5.69 | 68.06 | 73.75 | NOTE | |
r-release-linux-x86_64 | 0.1.0 | 5.28 | 70.05 | 75.33 | NOTE | |
r-release-macos-arm64 | 0.1.0 | 31.00 | NOTE | |||
r-release-macos-x86_64 | 0.1.0 | 54.00 | NOTE | |||
r-release-windows-x86_64 | 0.1.0 | 6.00 | 84.00 | 90.00 | NOTE | |
r-oldrel-macos-arm64 | 0.1.0 | 51.00 | OK | |||
r-oldrel-macos-x86_64 | 0.1.0 | 95.00 | OK | |||
r-oldrel-windows-x86_64 | 0.1.0 | 7.00 | 97.00 | 104.00 | OK |
Version: 0.1.0
Check: Rd files
Result: NOTE
checkRd: (-1) assert.Rd:12: Lost braces; missing escapes or markup?
12 | \item{msg}{A character string containing the error message to display if any of the conditions are not met. The string can include the placeholder {failed_expressions} to insert a list of the failed expressions. The string can also include {?s} and {?is/are} to insert the correct pluralization for the list of failed expressions.}
| ^
checkRd: (-1) assert.Rd:12: Lost braces; missing escapes or markup?
12 | \item{msg}{A character string containing the error message to display if any of the conditions are not met. The string can include the placeholder {failed_expressions} to insert a list of the failed expressions. The string can also include {?s} and {?is/are} to insert the correct pluralization for the list of failed expressions.}
| ^
checkRd: (-1) assert.Rd:12: Lost braces; missing escapes or markup?
12 | \item{msg}{A character string containing the error message to display if any of the conditions are not met. The string can include the placeholder {failed_expressions} to insert a list of the failed expressions. The string can also include {?s} and {?is/are} to insert the correct pluralization for the list of failed expressions.}
| ^
Flavors: r-devel-linux-x86_64-debian-clang, r-devel-linux-x86_64-debian-gcc, r-devel-linux-x86_64-fedora-clang, r-devel-linux-x86_64-fedora-gcc, r-devel-windows-x86_64, r-patched-linux-x86_64, r-release-linux-x86_64, r-release-macos-arm64, r-release-macos-x86_64, r-release-windows-x86_64