Last updated on 2024-06-16 00:13:58 CEST.
Flavor | Version | Tinstall | Tcheck | Ttotal | Status | Flags |
---|---|---|---|---|---|---|
r-devel-linux-x86_64-debian-clang | 1.4.5 | 102.65 | 279.04 | 381.69 | WARN | |
r-devel-linux-x86_64-debian-gcc | 1.4.5 | 70.22 | 246.72 | 316.94 | NOTE | |
r-devel-linux-x86_64-fedora-clang | 1.4.5 | 600.37 | NOTE | |||
r-devel-linux-x86_64-fedora-gcc | 1.4.5 | 996.78 | NOTE | |||
r-devel-windows-x86_64 | 1.4.5 | 77.00 | 153.00 | 230.00 | NOTE | |
r-patched-linux-x86_64 | 1.4.5 | 87.65 | 195.96 | 283.61 | NOTE | |
r-release-linux-x86_64 | 1.4.5 | 84.91 | 196.61 | 281.52 | NOTE | |
r-release-macos-arm64 | 1.4.5 | 702.00 | NOTE | |||
r-release-macos-x86_64 | 1.4.5 | 1803.00 | NOTE | |||
r-release-windows-x86_64 | 1.4.5 | 76.00 | 185.00 | 261.00 | NOTE | |
r-oldrel-macos-arm64 | 1.4.5 | 1137.00 | NOTE | |||
r-oldrel-macos-x86_64 | 1.4.5 | 1803.00 | NOTE | |||
r-oldrel-windows-x86_64 | 1.4.5 | 96.00 | 174.00 | 270.00 | NOTE |
Version: 1.4.5
Check: whether package can be installed
Result: WARN
Found the following significant warnings:
autocart.cpp:71:10: warning: using integer absolute value function 'abs' when argument is of floating point type [-Wabsolute-value]
autocart.cpp:71:42: warning: using integer absolute value function 'abs' when argument is of floating point type [-Wabsolute-value]
See ‘/home/hornik/tmp/R.check/r-devel-clang/Work/PKGS/autocart.Rcheck/00install.out’ for details.
* used C++ compiler: ‘Debian clang version 18.1.6 (1)’
Flavor: r-devel-linux-x86_64-debian-clang
Version: 1.4.5
Check: C++ specification
Result: NOTE
Specified C++11: please drop specification unless essential
Flavors: r-devel-linux-x86_64-debian-clang, r-devel-linux-x86_64-debian-gcc, r-devel-linux-x86_64-fedora-clang, r-devel-linux-x86_64-fedora-gcc, r-devel-windows-x86_64, r-patched-linux-x86_64, r-release-linux-x86_64, r-release-macos-arm64, r-release-macos-x86_64, r-release-windows-x86_64, r-oldrel-macos-arm64, r-oldrel-macos-x86_64, r-oldrel-windows-x86_64
Version: 1.4.5
Check: for GNU extensions in Makefiles
Result: NOTE
GNU make is a SystemRequirements.
Flavors: r-devel-linux-x86_64-debian-clang, r-devel-linux-x86_64-debian-gcc, r-devel-linux-x86_64-fedora-clang, r-devel-linux-x86_64-fedora-gcc, r-devel-windows-x86_64, r-patched-linux-x86_64, r-release-linux-x86_64, r-release-macos-arm64, r-release-macos-x86_64, r-release-windows-x86_64, r-oldrel-macos-arm64, r-oldrel-macos-x86_64, r-oldrel-windows-x86_64
Version: 1.4.5
Check: re-building of vignette outputs
Result: NOTE
Re-building vignettes had CPU time 3.8 times elapsed time
Flavor: r-devel-linux-x86_64-debian-clang
Version: 1.4.5
Check: re-building of vignette outputs
Result: NOTE
Re-building vignettes had CPU time 2.9 times elapsed time
Flavor: r-patched-linux-x86_64
Version: 1.4.5
Check: re-building of vignette outputs
Result: NOTE
Re-building vignettes had CPU time 2.8 times elapsed time
Flavor: r-release-linux-x86_64