Last updated on 2024-08-16 09:49:00 CEST.
Flavor | Version | Tinstall | Tcheck | Ttotal | Status | Flags |
---|---|---|---|---|---|---|
r-devel-linux-x86_64-debian-clang | 0.9.0 | 4.79 | 56.51 | 61.30 | WARN | |
r-devel-linux-x86_64-debian-gcc | 0.9.0 | 4.03 | 43.63 | 47.66 | WARN | |
r-devel-linux-x86_64-fedora-clang | 0.9.0 | 101.98 | OK | |||
r-devel-linux-x86_64-fedora-gcc | 0.9.0 | 101.86 | OK | |||
r-devel-windows-x86_64 | 0.9.0 | 20.00 | 200.00 | 220.00 | NOTE | |
r-patched-linux-x86_64 | 0.9.0 | 4.39 | 54.20 | 58.59 | WARN | |
r-release-linux-x86_64 | 0.9.0 | 4.87 | 55.13 | 60.00 | WARN | |
r-release-macos-arm64 | 0.9.0 | 39.00 | NOTE | |||
r-release-macos-x86_64 | 0.9.0 | 50.00 | NOTE | |||
r-release-windows-x86_64 | 0.9.0 | 19.00 | 176.00 | 195.00 | NOTE | |
r-oldrel-macos-arm64 | 0.9.0 | 58.00 | NOTE | |||
r-oldrel-macos-x86_64 | 0.9.0 | 107.00 | NOTE | |||
r-oldrel-windows-x86_64 | 0.9.0 | 25.00 | 247.00 | 272.00 | NOTE |
Version: 0.9.0
Check: whether package can be installed
Result: WARN
Found the following significant warnings:
fft.c:87:3: warning: 'avcodec_close' is deprecated [-Wdeprecated-declarations]
video.c:81:3: warning: 'avcodec_close' is deprecated [-Wdeprecated-declarations]
video.c:115:5: warning: 'avcodec_close' is deprecated [-Wdeprecated-declarations]
video.c:120:5: warning: 'avcodec_close' is deprecated [-Wdeprecated-declarations]
See ‘/home/hornik/tmp/R.check/r-devel-clang/Work/PKGS/av.Rcheck/00install.out’ for details.
* used C compiler: ‘Debian clang version 18.1.8 (9)’
Flavor: r-devel-linux-x86_64-debian-clang
Version: 0.9.0
Check: whether package can be installed
Result: WARN
Found the following significant warnings:
fft.c:87:3: warning: ‘avcodec_close’ is deprecated [-Wdeprecated-declarations]
video.c:81:3: warning: ‘avcodec_close’ is deprecated [-Wdeprecated-declarations]
video.c:115:5: warning: ‘avcodec_close’ is deprecated [-Wdeprecated-declarations]
video.c:120:5: warning: ‘avcodec_close’ is deprecated [-Wdeprecated-declarations]
See ‘/home/hornik/tmp/R.check/r-devel-gcc/Work/PKGS/av.Rcheck/00install.out’ for details.
* used C compiler: ‘gcc-14 (Debian 14.2.0-1) 14.2.0’
Flavor: r-devel-linux-x86_64-debian-gcc
Version: 0.9.0
Check: installed package size
Result: NOTE
installed size is 30.3Mb
sub-directories of 1Mb or more:
libs 29.5Mb
Flavors: r-devel-windows-x86_64, r-release-macos-arm64, r-release-macos-x86_64, r-release-windows-x86_64, r-oldrel-macos-arm64, r-oldrel-macos-x86_64, r-oldrel-windows-x86_64
Version: 0.9.0
Check: whether package can be installed
Result: WARN
Found the following significant warnings:
fft.c:87:3: warning: ‘avcodec_close’ is deprecated [-Wdeprecated-declarations]
video.c:81:3: warning: ‘avcodec_close’ is deprecated [-Wdeprecated-declarations]
video.c:115:5: warning: ‘avcodec_close’ is deprecated [-Wdeprecated-declarations]
video.c:120:5: warning: ‘avcodec_close’ is deprecated [-Wdeprecated-declarations]
See ‘/home/hornik/tmp/R.check/r-patched-gcc/Work/PKGS/av.Rcheck/00install.out’ for details.
* used C compiler: ‘gcc-14 (Debian 14.2.0-1) 14.2.0’
Flavor: r-patched-linux-x86_64
Version: 0.9.0
Check: whether package can be installed
Result: WARN
Found the following significant warnings:
fft.c:87:3: warning: ‘avcodec_close’ is deprecated [-Wdeprecated-declarations]
video.c:81:3: warning: ‘avcodec_close’ is deprecated [-Wdeprecated-declarations]
video.c:115:5: warning: ‘avcodec_close’ is deprecated [-Wdeprecated-declarations]
video.c:120:5: warning: ‘avcodec_close’ is deprecated [-Wdeprecated-declarations]
See ‘/home/hornik/tmp/R.check/r-release-gcc/Work/PKGS/av.Rcheck/00install.out’ for details.
* used C compiler: ‘gcc-14 (Debian 14.2.0-1) 14.2.0’
Flavor: r-release-linux-x86_64